Last updated on 2024-03-28 17:49:30 CET.
Flavor | Version | Tinstall | Tcheck | Ttotal | Status | Flags |
---|---|---|---|---|---|---|
r-devel-linux-x86_64-debian-clang | 2.0.1 | 6.31 | 62.15 | 68.46 | NOTE | |
r-devel-linux-x86_64-debian-gcc | 2.0.1 | 5.64 | 48.14 | 53.78 | NOTE | |
r-devel-linux-x86_64-fedora-clang | 2.0.1 | 90.29 | NOTE | |||
r-devel-linux-x86_64-fedora-gcc | 2.0.1 | 99.80 | NOTE | |||
r-devel-windows-x86_64 | 2.0.1 | 7.00 | 74.00 | 81.00 | NOTE | |
r-patched-linux-x86_64 | 2.0.1 | 13.15 | 61.70 | 74.85 | NOTE | |
r-release-linux-x86_64 | 2.0.1 | 6.45 | 59.01 | 65.46 | NOTE | |
r-release-macos-arm64 | 2.0.1 | 41.00 | OK | |||
r-release-macos-x86_64 | 2.0.1 | 63.00 | OK | |||
r-release-windows-x86_64 | 2.0.1 | 9.00 | 80.00 | 89.00 | OK | |
r-oldrel-macos-arm64 | 2.0.1 | 33.00 | OK | |||
r-oldrel-windows-x86_64 | 2.0.1 | 10.00 | 79.00 | 89.00 | OK |
Version: 2.0.1
Check: package dependencies
Result: NOTE
Package suggested but not available for checking: ‘bigQueryR’
Flavors: r-devel-linux-x86_64-debian-clang, r-devel-linux-x86_64-debian-gcc, r-devel-linux-x86_64-fedora-clang, r-devel-linux-x86_64-fedora-gcc, r-patched-linux-x86_64, r-release-linux-x86_64
Version: 2.0.1
Check: Rd \usage sections
Result: NOTE
Documented arguments not in \usage in Rd file 'doHttrRequest.Rd':
‘session’ ‘params’
Documented arguments not in \usage in Rd file 'get_google_token.Rd':
‘shiny_return_token’
Functions with \usage entries need to have the appropriate \alias
entries, and all their arguments documented.
The \usage entries must correspond to syntactically valid R code.
See chapter ‘Writing R documentation files’ in the ‘Writing R
Extensions’ manual.
Flavors: r-devel-linux-x86_64-debian-clang, r-devel-linux-x86_64-debian-gcc, r-devel-linux-x86_64-fedora-clang, r-devel-linux-x86_64-fedora-gcc, r-devel-windows-x86_64, r-patched-linux-x86_64