Last updated on 2024-03-28 17:49:30 CET.
Flavor | Version | Tinstall | Tcheck | Ttotal | Status | Flags |
---|---|---|---|---|---|---|
r-devel-linux-x86_64-debian-clang | 0.3.0 | 6.64 | 84.93 | 91.57 | NOTE | |
r-devel-linux-x86_64-debian-gcc | 0.3.0 | 6.24 | 66.39 | 72.63 | NOTE | |
r-devel-linux-x86_64-fedora-clang | 0.3.0 | 119.33 | NOTE | |||
r-devel-linux-x86_64-fedora-gcc | 0.3.0 | 130.60 | NOTE | |||
r-devel-windows-x86_64 | 0.3.0 | 9.00 | 106.00 | 115.00 | NOTE | |
r-patched-linux-x86_64 | 0.3.0 | 12.89 | 83.59 | 96.48 | NOTE | |
r-release-linux-x86_64 | 0.3.0 | 8.12 | 81.61 | 89.73 | NOTE | |
r-release-macos-arm64 | 0.3.0 | 59.00 | NOTE | |||
r-release-macos-x86_64 | 0.3.0 | 80.00 | NOTE | |||
r-release-windows-x86_64 | 0.3.0 | 10.00 | 114.00 | 124.00 | NOTE | |
r-oldrel-macos-arm64 | 0.3.0 | 37.00 | NOTE | |||
r-oldrel-windows-x86_64 | 0.3.0 | 12.00 | 101.00 | 113.00 | NOTE |
Version: 0.3.0
Check: Rd files
Result: NOTE
checkRd: (-1) docker_cmd.gce_instance.Rd:21: Lost braces; missing escapes or markup?
21 | \item{nvidia}{If true will use \code{nvidia-docker} instead of {docker}}
| ^
checkRd: (-1) gce_list_disks.Rd:11: Lost braces; missing escapes or markup?
11 | \item{filter}{Sets a filter expression for filtering listed resources, in the form filter={expression}}
| ^
checkRd: (-1) gce_list_disks_all.Rd:11: Lost braces; missing escapes or markup?
11 | \item{filter}{Sets a filter expression for filtering listed resources, in the form filter={expression}}
| ^
checkRd: (-1) gce_list_firewall_rules.Rd:11: Lost braces; missing escapes or markup?
11 | \item{filter}{Sets a filter expression for filtering listed resources, in the form filter={expression}}
| ^
checkRd: (-1) gce_list_gpus.Rd:11: Lost braces; missing escapes or markup?
11 | \item{filter}{Sets a filter expression for filtering listed resources, in the form filter={expression}}
| ^
checkRd: (-1) gce_list_images.Rd:13: Lost braces; missing escapes or markup?
13 | \item{filter}{Sets a filter expression for filtering listed resources, in the form filter={expression}}
| ^
checkRd: (-1) gce_list_instances.Rd:12: Lost braces; missing escapes or markup?
12 | \item{filter}{Sets a filter expression for filtering listed resources, in the form filter={expression}}
| ^
checkRd: (-1) gce_list_machinetype.Rd:12: Lost braces; missing escapes or markup?
12 | \item{filter}{Sets a filter expression for filtering listed resources, in the form filter={expression}}
| ^
checkRd: (-1) gce_list_machinetype_all.Rd:11: Lost braces; missing escapes or markup?
11 | \item{filter}{Sets a filter expression for filtering listed resources, in the form filter={expression}}
| ^
checkRd: (-1) gce_list_networks.Rd:11: Lost braces; missing escapes or markup?
11 | \item{filter}{Sets a filter expression for filtering listed resources, in the form filter={expression}}
| ^
checkRd: (-1) gce_list_zone_op.Rd:11: Lost braces; missing escapes or markup?
11 | \item{filter}{Sets a filter expression for filtering listed resources, in the form filter={expression}}
| ^
checkRd: (-1) gce_list_zones.Rd:13: Lost braces; missing escapes or markup?
13 | \item{filter}{Sets a filter expression for filtering listed resources, in the form filter={expression}}
| ^
Flavors: r-devel-linux-x86_64-debian-clang, r-devel-linux-x86_64-debian-gcc, r-devel-linux-x86_64-fedora-clang, r-devel-linux-x86_64-fedora-gcc, r-devel-windows-x86_64, r-patched-linux-x86_64
Version: 0.3.0
Check: LazyData
Result: NOTE
'LazyData' is specified without a 'data' directory
Flavors: r-devel-linux-x86_64-debian-clang, r-devel-linux-x86_64-debian-gcc, r-devel-linux-x86_64-fedora-clang, r-devel-linux-x86_64-fedora-gcc, r-devel-windows-x86_64, r-patched-linux-x86_64, r-release-linux-x86_64, r-release-macos-arm64, r-release-macos-x86_64, r-release-windows-x86_64, r-oldrel-macos-arm64, r-oldrel-windows-x86_64