CRAN Package Check Results for Package govdown

Last updated on 2025-11-23 05:50:18 CET.

Flavor Version Tinstall Tcheck Ttotal Status Flags
r-devel-linux-x86_64-debian-clang 0.10.1 1.72 22.26 23.98 OK
r-devel-linux-x86_64-debian-gcc 0.10.1 1.36 18.24 19.60 OK
r-devel-linux-x86_64-fedora-clang 0.10.1 35.13 OK
r-devel-linux-x86_64-fedora-gcc 0.10.1 31.04 OK
r-devel-windows-x86_64 0.10.1 7.00 38.00 45.00 OK
r-patched-linux-x86_64 0.10.1 1.88 19.57 21.45 OK
r-release-linux-x86_64 0.10.1 1.81 19.81 21.62 OK
r-release-macos-arm64 0.10.1 OK
r-release-macos-x86_64 0.10.1 2.00 26.00 28.00 OK
r-release-windows-x86_64 0.10.1 5.00 38.00 43.00 OK
r-oldrel-macos-arm64 0.10.1 NOTE
r-oldrel-macos-x86_64 0.10.1 2.00 20.00 22.00 NOTE
r-oldrel-windows-x86_64 0.10.1 6.00 43.00 49.00 NOTE

Check Details

Version: 0.10.1
Check: LazyData
Result: NOTE 'LazyData' is specified without a 'data' directory Flavors: r-oldrel-macos-arm64, r-oldrel-macos-x86_64, r-oldrel-windows-x86_64