Last updated on 2025-11-23 05:50:18 CET.
| Flavor | Version | Tinstall | Tcheck | Ttotal | Status | Flags |
|---|---|---|---|---|---|---|
| r-devel-linux-x86_64-debian-clang | 1.1 | 6.18 | 56.14 | 62.32 | OK | |
| r-devel-linux-x86_64-debian-gcc | 1.1 | 5.32 | 42.39 | 47.71 | OK | |
| r-devel-linux-x86_64-fedora-clang | 1.1 | 25.00 | 72.87 | 97.87 | OK | |
| r-devel-linux-x86_64-fedora-gcc | 1.1 | 32.00 | 64.12 | 96.12 | OK | |
| r-devel-windows-x86_64 | 1.1 | 10.00 | 64.00 | 74.00 | NOTE | |
| r-patched-linux-x86_64 | 1.1 | 6.23 | 53.52 | 59.75 | OK | |
| r-release-linux-x86_64 | 1.1 | 6.92 | 52.96 | 59.88 | OK | |
| r-release-macos-arm64 | 1.1 | OK | ||||
| r-release-macos-x86_64 | 1.1 | 7.00 | 48.00 | 55.00 | OK | |
| r-release-windows-x86_64 | 1.1 | 8.00 | 75.00 | 83.00 | OK | |
| r-oldrel-macos-arm64 | 1.1 | OK | ||||
| r-oldrel-macos-x86_64 | 1.1 | 4.00 | 40.00 | 44.00 | OK | |
| r-oldrel-windows-x86_64 | 1.1 | 10.00 | 76.00 | 86.00 | OK |
Version: 1.1
Check: Rd files
Result: NOTE
checkRd: (-1) gp-package.Rd:11-17: Only 3 columns allowed in this table (row 1 has 2)
checkRd: (-1) gp-package.Rd:11-17: Only 3 columns allowed in this table (row 2 has 2)
checkRd: (-1) gp-package.Rd:11-17: Only 3 columns allowed in this table (row 3 has 2)
checkRd: (-1) gp-package.Rd:11-17: Only 3 columns allowed in this table (row 4 has 2)
checkRd: (-1) gp-package.Rd:11-17: Only 3 columns allowed in this table (row 5 has 2)
Flavor: r-devel-windows-x86_64