CRAN Package Check Results for Package gpk

Last updated on 2025-07-01 18:48:34 CEST.

Flavor Version Tinstall Tcheck Ttotal Status Flags
r-devel-linux-x86_64-debian-clang 1.0 2.01 49.13 51.14 NOTE
r-devel-linux-x86_64-debian-gcc 1.0 1.36 38.69 40.05 NOTE
r-devel-linux-x86_64-fedora-clang 1.0 76.57 OK
r-devel-linux-x86_64-fedora-gcc 1.0 75.32 OK
r-devel-windows-x86_64 1.0 4.00 99.00 103.00 OK
r-patched-linux-x86_64 OK
r-release-linux-x86_64 1.0 1.89 45.87 47.76 OK
r-release-macos-arm64 1.0 37.00 OK
r-release-macos-x86_64 1.0 54.00 OK
r-release-windows-x86_64 1.0 4.00 122.00 126.00 OK
r-oldrel-macos-arm64 1.0 33.00 OK
r-oldrel-macos-x86_64 1.0 46.00 OK
r-oldrel-windows-x86_64 1.0 4.00 85.00 89.00 OK

Check Details

Version: 1.0
Check: CRAN incoming feasibility
Result: NOTE Maintainer: ‘Prabhanjan Tattar <prabhanjannt@gmail.com>’ No Authors@R field in DESCRIPTION. Please add one, modifying Authors@R: person(given = "Prabhanjan", family = "Tattar", role = c("aut", "cre"), email = "prabhanjannt@gmail.com") as necessary. Flavors: r-devel-linux-x86_64-debian-clang, r-devel-linux-x86_64-debian-gcc