Last updated on 2025-11-23 05:50:18 CET.
| Flavor | Version | Tinstall | Tcheck | Ttotal | Status | Flags |
|---|---|---|---|---|---|---|
| r-devel-linux-x86_64-debian-clang | 0.0.3 | 3.34 | 92.69 | 96.03 | NOTE | |
| r-devel-linux-x86_64-debian-gcc | 0.0.3 | 2.41 | 60.27 | 62.68 | NOTE | |
| r-devel-linux-x86_64-fedora-clang | 0.0.3 | 162.69 | NOTE | |||
| r-devel-linux-x86_64-fedora-gcc | 0.0.3 | 173.27 | NOTE | |||
| r-devel-windows-x86_64 | 0.0.3 | 7.00 | 117.00 | 124.00 | OK | |
| r-patched-linux-x86_64 | 0.0.3 | 3.36 | 88.81 | 92.17 | OK | |
| r-release-linux-x86_64 | 0.0.3 | 3.18 | 88.22 | 91.40 | OK | |
| r-release-macos-arm64 | 0.0.3 | OK | ||||
| r-release-macos-x86_64 | 0.0.3 | 2.00 | 102.00 | 104.00 | OK | |
| r-release-windows-x86_64 | 0.0.3 | 6.00 | 108.00 | 114.00 | OK | |
| r-oldrel-macos-arm64 | 0.0.3 | OK | ||||
| r-oldrel-macos-x86_64 | 0.0.3 | 2.00 | 73.00 | 75.00 | OK | |
| r-oldrel-windows-x86_64 | 0.0.3 | 7.00 | 139.00 | 146.00 | OK |
Version: 0.0.3
Check: CRAN incoming feasibility
Result: NOTE
Maintainer: ‘Matthew Carli <carlimm@mymail.vcu.edu>’
No Authors@R field in DESCRIPTION.
Please add one, modifying
Authors@R: c(person(given = "David",
family = "Wheeler",
role = "aut"),
person(given = "Matthew",
family = "Carli",
role = c("aut", "cre"),
email = "carlimm@mymail.vcu.edu"))
as necessary.
Flavors: r-devel-linux-x86_64-debian-clang, r-devel-linux-x86_64-debian-gcc
Version: 0.0.3
Check: dependencies in R code
Result: NOTE
Namespaces in Imports field not imported from:
‘MASS’ ‘rjags’
All declared Imports should be used.
Flavors: r-devel-linux-x86_64-fedora-clang, r-devel-linux-x86_64-fedora-gcc