Last updated on 2024-03-28 17:49:30 CET.
Flavor | Version | Tinstall | Tcheck | Ttotal | Status | Flags |
---|---|---|---|---|---|---|
r-devel-linux-x86_64-debian-clang | 0.2.1 | 4.55 | 45.63 | 50.18 | NOTE | |
r-devel-linux-x86_64-debian-gcc | 0.2.1 | 3.42 | 36.42 | 39.84 | NOTE | |
r-devel-linux-x86_64-fedora-clang | 0.2.1 | 66.26 | NOTE | |||
r-devel-linux-x86_64-fedora-gcc | 0.2.1 | 61.20 | NOTE | |||
r-devel-windows-x86_64 | 0.2.1 | 5.00 | 63.00 | 68.00 | NOTE | |
r-patched-linux-x86_64 | 0.2.1 | 6.18 | 45.65 | 51.83 | NOTE | |
r-release-linux-x86_64 | 0.2.1 | 5.10 | 42.68 | 47.78 | OK | |
r-release-macos-arm64 | 0.2.1 | 23.00 | OK | |||
r-release-macos-x86_64 | 0.2.1 | 32.00 | OK | |||
r-release-windows-x86_64 | 0.2.1 | 4.00 | 67.00 | 71.00 | OK | |
r-oldrel-macos-arm64 | 0.2.1 | 22.00 | OK | |||
r-oldrel-windows-x86_64 | 0.2.1 | 6.00 | 74.00 | 80.00 | OK |
Version: 0.2.1
Check: Rd files
Result: NOTE
checkRd: (-1) qdb.p.correct.Rd:14: Lost braces; missing escapes or markup?
14 | \item{refpts}{a numeric vector used as a reference point to determine the correct side of the \code{qdb} for classifying \code{x}. The \code{length(refpts)} should be equal to {ncol(x)}. Default to \code{colMeans(x)}. }
| ^
Flavors: r-devel-linux-x86_64-debian-clang, r-devel-linux-x86_64-debian-gcc, r-devel-linux-x86_64-fedora-clang, r-devel-linux-x86_64-fedora-gcc, r-devel-windows-x86_64, r-patched-linux-x86_64