Last updated on 2024-04-18 06:57:43 CEST.
Flavor | Version | Tinstall | Tcheck | Ttotal | Status | Flags |
---|---|---|---|---|---|---|
r-devel-linux-x86_64-debian-clang | 0.4.5 | 2.07 | 28.12 | 30.19 | NOTE | |
r-devel-linux-x86_64-debian-gcc | 0.4.5 | 1.61 | 22.08 | 23.69 | NOTE | |
r-devel-linux-x86_64-fedora-clang | 0.4.5 | 37.27 | NOTE | |||
r-devel-linux-x86_64-fedora-gcc | 0.4.5 | 35.88 | NOTE | |||
r-prerel-macos-arm64 | 0.4.5 | 32.00 | OK | |||
r-prerel-windows-x86_64 | 0.4.5 | 3.00 | 49.00 | 52.00 | NOTE | |
r-patched-linux-x86_64 | 0.4.5 | 2.03 | 27.45 | 29.48 | NOTE | |
r-release-linux-x86_64 | 0.4.5 | 1.98 | 27.71 | 29.69 | OK | |
r-release-macos-arm64 | 0.4.5 | 30.00 | OK | |||
r-release-macos-x86_64 | 0.4.5 | 33.00 | OK | |||
r-release-windows-x86_64 | 0.4.5 | 3.00 | 49.00 | 52.00 | OK | |
r-oldrel-macos-arm64 | 0.4.5 | 31.00 | OK | |||
r-oldrel-windows-x86_64 | 0.4.5 | 4.00 | 77.00 | 81.00 | OK |
Version: 0.4.5
Check: HTML version of manual
Result: NOTE
Found the following HTML validation problems:
gsheet2tbl.html:31:5 (gsheet2tbl.Rd:20): Warning: trimming empty <p>
gsheet2tbl.html:31:1 (gsheet2tbl.Rd:20): Warning: trimming empty <li>
Flavors: r-devel-linux-x86_64-debian-clang, r-devel-linux-x86_64-debian-gcc, r-devel-linux-x86_64-fedora-clang, r-devel-linux-x86_64-fedora-gcc, r-prerel-windows-x86_64, r-patched-linux-x86_64