Last updated on 2024-03-28 17:49:30 CET.
Flavor | Version | Tinstall | Tcheck | Ttotal | Status | Flags |
---|---|---|---|---|---|---|
r-devel-linux-x86_64-debian-clang | 1.2.1 | 64.58 | 122.89 | 187.47 | NOTE | |
r-devel-linux-x86_64-debian-gcc | 1.2.1 | 51.70 | 91.28 | 142.98 | NOTE | |
r-devel-linux-x86_64-fedora-clang | 1.2.1 | 242.62 | NOTE | |||
r-devel-linux-x86_64-fedora-gcc | 1.2.1 | 238.64 | NOTE | |||
r-devel-windows-x86_64 | 1.2.1 | 51.00 | 121.00 | 172.00 | NOTE | |
r-patched-linux-x86_64 | 1.2.1 | 63.00 | 116.53 | 179.53 | NOTE | |
r-release-linux-x86_64 | 1.2.1 | 51.79 | 122.93 | 174.72 | NOTE | |
r-release-macos-arm64 | 1.2.1 | 68.00 | NOTE | |||
r-release-macos-x86_64 | 1.2.1 | 111.00 | NOTE | |||
r-release-windows-x86_64 | 1.2.1 | 61.00 | 147.00 | 208.00 | NOTE | |
r-oldrel-macos-arm64 | 1.2.1 | 61.00 | OK | |||
r-oldrel-windows-x86_64 | 1.2.1 | 65.00 | 143.00 | 208.00 | OK |
Version: 1.2.1
Check: C++ specification
Result: NOTE
Specified C++11: please drop specification unless essential
Flavors: r-devel-linux-x86_64-debian-clang, r-devel-linux-x86_64-debian-gcc, r-devel-linux-x86_64-fedora-clang, r-devel-linux-x86_64-fedora-gcc, r-devel-windows-x86_64, r-patched-linux-x86_64, r-release-linux-x86_64, r-release-macos-arm64, r-release-macos-x86_64, r-release-windows-x86_64