CRAN Package Check Results for Package gtfsrouter

Last updated on 2025-04-16 18:50:06 CEST.

Flavor Version Tinstall Tcheck Ttotal Status Flags
r-devel-linux-x86_64-debian-clang 0.1.3 42.13 101.83 143.96 OK
r-devel-linux-x86_64-debian-gcc 0.1.3 32.10 74.83 106.93 OK
r-devel-linux-x86_64-fedora-clang 0.1.3 243.86 OK
r-devel-linux-x86_64-fedora-gcc 0.1.3 245.91 OK
r-devel-windows-x86_64 0.1.3 52.00 145.00 197.00 OK
r-patched-linux-x86_64 0.1.3 44.67 98.25 142.92 OK
r-release-linux-x86_64 0.1.3 44.31 100.27 144.58 OK
r-release-macos-arm64 0.1.3 77.00 OK
r-release-macos-x86_64 0.1.3 125.00 OK
r-release-windows-x86_64 0.1.3 52.00 146.00 198.00 OK
r-oldrel-macos-arm64 0.1.3 86.00 NOTE
r-oldrel-macos-x86_64 0.1.3 166.00 NOTE
r-oldrel-windows-x86_64 0.1.3 62.00 179.00 241.00 NOTE

Check Details

Version: 0.1.3
Check: installed package size
Result: NOTE installed size is 8.2Mb sub-directories of 1Mb or more: doc 4.1Mb libs 3.4Mb Flavors: r-oldrel-macos-arm64, r-oldrel-macos-x86_64, r-oldrel-windows-x86_64