Last updated on 2025-11-24 17:50:00 CET.
| Flavor | Version | Tinstall | Tcheck | Ttotal | Status | Flags |
|---|---|---|---|---|---|---|
| r-devel-linux-x86_64-debian-clang | 0.4.1 | 5.47 | 125.69 | 131.16 | NOTE | |
| r-devel-linux-x86_64-debian-gcc | 0.4.1 | 4.00 | 84.03 | 88.03 | NOTE | |
| r-devel-linux-x86_64-fedora-clang | 0.4.1 | 18.00 | 188.27 | 206.27 | NOTE | |
| r-devel-linux-x86_64-fedora-gcc | 0.4.1 | 13.00 | 187.37 | 200.37 | NOTE | |
| r-devel-windows-x86_64 | 0.4.1 | 8.00 | 120.00 | 128.00 | NOTE | |
| r-patched-linux-x86_64 | 0.4.1 | 6.42 | 117.80 | 124.22 | OK | |
| r-release-linux-x86_64 | 0.4.1 | 3.92 | 118.95 | 122.87 | OK | |
| r-release-macos-arm64 | 0.4.1 | OK | ||||
| r-release-macos-x86_64 | 0.4.1 | 4.00 | 107.00 | 111.00 | OK | |
| r-release-windows-x86_64 | 0.4.1 | 8.00 | 117.00 | 125.00 | OK | |
| r-oldrel-macos-arm64 | 0.4.1 | OK | ||||
| r-oldrel-macos-x86_64 | 0.4.1 | 4.00 | 97.00 | 101.00 | OK | |
| r-oldrel-windows-x86_64 | 0.4.1 | 9.00 | 160.00 | 169.00 | OK |
Version: 0.4.1
Check: Rd files
Result: NOTE
checkRd: (-1) add_overall_tbl_ae.Rd:46: height/width attributes should be in pixels
checkRd: (-1) add_overall_tbl_ae.Rd:50: height/width attributes should be in pixels
checkRd: (-1) add_overall_tbl_ae.Rd:54: height/width attributes should be in pixels
checkRd: (-1) add_overall_tbl_ae.Rd:58: height/width attributes should be in pixels
checkRd: (-1) selectors.Rd:44: height/width attributes should be in pixels
checkRd: (-1) tbl_ae.Rd:90: height/width attributes should be in pixels
checkRd: (-1) tbl_ae.Rd:94: height/width attributes should be in pixels
checkRd: (-1) tbl_ae_count.Rd:75: height/width attributes should be in pixels
checkRd: (-1) tbl_ae_focus.Rd:80: height/width attributes should be in pixels
checkRd: (-1) tbl_listing.Rd:67: height/width attributes should be in pixels
checkRd: (-1) tbl_listing.Rd:71: height/width attributes should be in pixels
checkRd: (-1) tbl_reg_summary.Rd:86: height/width attributes should be in pixels
Flavors: r-devel-linux-x86_64-debian-clang, r-devel-linux-x86_64-debian-gcc, r-devel-linux-x86_64-fedora-clang, r-devel-linux-x86_64-fedora-gcc, r-devel-windows-x86_64