Last updated on 2025-07-28 06:50:31 CEST.
Flavor | Version | Tinstall | Tcheck | Ttotal | Status | Flags |
---|---|---|---|---|---|---|
r-devel-linux-x86_64-debian-clang | 3.44.0.3 | 34.18 | 168.49 | 202.67 | OK | |
r-devel-linux-x86_64-debian-gcc | 3.44.0.3 | 21.40 | 107.36 | 128.76 | OK | |
r-devel-linux-x86_64-fedora-clang | 3.44.0.3 | 305.51 | OK | |||
r-devel-linux-x86_64-fedora-gcc | 3.44.0.3 | 323.71 | OK | |||
r-devel-windows-x86_64 | 3.44.0.3 | 174.00 | 248.00 | 422.00 | OK | |
r-patched-linux-x86_64 | 3.44.0.3 | 38.25 | 155.78 | 194.03 | OK | |
r-release-linux-x86_64 | 3.44.0.3 | 33.71 | 157.88 | 191.59 | OK | |
r-release-macos-arm64 | 3.44.0.3 | 110.00 | OK | |||
r-release-macos-x86_64 | 3.44.0.3 | 182.00 | OK | |||
r-release-windows-x86_64 | 3.44.0.3 | 57.00 | 248.00 | 305.00 | OK | |
r-oldrel-macos-arm64 | 3.44.0.3 | 119.00 | NOTE | |||
r-oldrel-macos-x86_64 | 3.44.0.3 | 137.00 | NOTE | |||
r-oldrel-windows-x86_64 | 3.44.0.3 | 66.00 | 290.00 | 356.00 | NOTE |
Version: 3.44.0.3
Check: installed package size
Result: NOTE
installed size is 275.7Mb
sub-directories of 1Mb or more:
R 2.1Mb
help 1.0Mb
java 272.1Mb
Flavors: r-oldrel-macos-arm64, r-oldrel-macos-x86_64, r-oldrel-windows-x86_64