Last updated on 2025-11-04 05:51:13 CET.
| Flavor | Version | Tinstall | Tcheck | Ttotal | Status | Flags | 
|---|---|---|---|---|---|---|
| r-devel-linux-x86_64-debian-clang | 1.2-9 | 4.10 | 37.58 | 41.68 | NOTE | |
| r-devel-linux-x86_64-debian-gcc | 1.2-9 | 2.87 | 29.01 | 31.88 | NOTE | |
| r-devel-linux-x86_64-fedora-clang | 1.2-9 | 11.00 | 53.21 | 64.21 | OK | |
| r-devel-linux-x86_64-fedora-gcc | 1.2-9 | 70.38 | OK | |||
| r-devel-windows-x86_64 | 1.2-9 | 6.00 | 68.00 | 74.00 | OK | |
| r-patched-linux-x86_64 | 1.2-9 | 3.77 | 35.82 | 39.59 | OK | |
| r-release-linux-x86_64 | 1.2-9 | 3.46 | 36.49 | 39.95 | OK | |
| r-release-macos-arm64 | 1.2-9 | 3.00 | 26.00 | 29.00 | OK | |
| r-release-macos-x86_64 | 1.2-9 | 5.00 | 51.00 | 56.00 | OK | |
| r-release-windows-x86_64 | 1.2-9 | 7.00 | 69.00 | 76.00 | OK | |
| r-oldrel-macos-arm64 | 1.2-9 | 3.00 | 25.00 | 28.00 | OK | |
| r-oldrel-macos-x86_64 | 1.2-9 | 4.00 | 39.00 | 43.00 | OK | |
| r-oldrel-windows-x86_64 | 1.2-9 | 6.00 | 71.00 | 77.00 | OK | 
Version: 1.2-9
Check: CRAN incoming feasibility
Result: NOTE
  Maintainer: ‘K. Burkett <kburkett@uottawa.ca>’
  
  No Authors@R field in DESCRIPTION.
  Please add one, modifying
    Authors@R: c(person(given = "K.",
                        family = "Burkett",
                        role = c("aut", "cre"),
                        email = "kburkett@uottawa.ca"),
                 person(given = "B.",
                        family = "McNeney",
                        role = "aut",
                        email = "mcneney@sfu.ca"),
                 person(given = "J.",
                        family = "Graham",
                        role = "aut",
                        email = "jgraham@stat.sfu.ca"),
                 person(given = c("with", "code", "for", "case-control", "data", "contributed", "by", "Zhijian"),
                        family = "Chen",
                        role = "aut",
                        email = "z11chen@math.uwaterloo.ca"))
  as necessary.
  
  Package CITATION file contains call(s) to old-style personList() or
  as.personList().  Please use c() on person objects instead.
  Package CITATION file contains call(s) to old-style citEntry().  Please
  use bibentry() instead.
Flavors: r-devel-linux-x86_64-debian-clang, r-devel-linux-x86_64-debian-gcc