Last updated on 2024-04-26 18:55:05 CEST.
Flavor | Version | Tinstall | Tcheck | Ttotal | Status | Flags |
---|---|---|---|---|---|---|
r-devel-linux-x86_64-debian-clang | 2.5.4 | 37.35 | 73.91 | 111.26 | NOTE | |
r-devel-linux-x86_64-debian-gcc | 2.5.4 | 33.03 | 53.83 | 86.86 | NOTE | |
r-devel-linux-x86_64-fedora-clang | 2.5.4 | 142.64 | NOTE | |||
r-devel-linux-x86_64-fedora-gcc | 2.5.4 | 155.99 | NOTE | |||
r-devel-windows-x86_64 | 2.5.4 | 59.00 | 101.00 | 160.00 | NOTE | |
r-patched-linux-x86_64 | 2.5.4 | 26.79 | 68.20 | 94.99 | NOTE | |
r-release-linux-x86_64 | 2.5.4 | 28.43 | 67.22 | 95.65 | NOTE | |
r-release-macos-arm64 | 2.5.4 | 59.00 | NOTE | |||
r-release-windows-x86_64 | 2.5.4 | 54.00 | 97.00 | 151.00 | NOTE | |
r-oldrel-macos-arm64 | 2.5.4 | 56.00 | NOTE | |||
r-oldrel-macos-x86_64 | 2.5.4 | 100.00 | NOTE | |||
r-oldrel-windows-x86_64 | 2.5.4 | 70.00 | 111.00 | 181.00 | NOTE |
Version: 2.5.4
Check: for GNU extensions in Makefiles
Result: NOTE
GNU make is a SystemRequirements.
Flavors: r-devel-linux-x86_64-debian-clang, r-devel-linux-x86_64-debian-gcc, r-devel-linux-x86_64-fedora-clang, r-devel-linux-x86_64-fedora-gcc, r-devel-windows-x86_64, r-patched-linux-x86_64, r-release-linux-x86_64, r-release-macos-arm64, r-release-windows-x86_64, r-oldrel-macos-arm64, r-oldrel-macos-x86_64, r-oldrel-windows-x86_64
Version: 2.5.4
Check: compiled code
Result: NOTE
File ‘haven/libs/haven.so’:
Found non-API calls to R: ‘SETLENGTH’, ‘SET_TRUELENGTH’
Compiled code should not call non-API entry points in R.
See ‘Writing portable packages’ in the ‘Writing R Extensions’ manual.
Flavors: r-devel-linux-x86_64-debian-clang, r-devel-linux-x86_64-debian-gcc, r-devel-linux-x86_64-fedora-clang, r-devel-linux-x86_64-fedora-gcc
Version: 2.5.4
Check: Rd cross-references
Result: NOTE
Undeclared package ‘dplyr’ in Rd xrefs
Flavor: r-devel-linux-x86_64-fedora-clang
Version: 2.5.4
Check: compiled code
Result: NOTE
File 'haven/libs/x64/haven.dll':
Found non-API calls to R: 'SETLENGTH', 'SET_TRUELENGTH'
Compiled code should not call non-API entry points in R.
See 'Writing portable packages' in the 'Writing R Extensions' manual.
Flavor: r-devel-windows-x86_64