Last updated on 2024-03-28 17:49:30 CET.
Flavor | Version | Tinstall | Tcheck | Ttotal | Status | Flags |
---|---|---|---|---|---|---|
r-devel-linux-x86_64-debian-clang | 1.3.10 | 58.22 | 145.76 | 203.98 | OK | |
r-devel-linux-x86_64-debian-gcc | 1.3.10 | 51.75 | 107.04 | 158.79 | OK | |
r-devel-linux-x86_64-fedora-clang | 1.3.10 | 261.51 | OK | |||
r-devel-linux-x86_64-fedora-gcc | 1.3.10 | 275.13 | OK | |||
r-devel-windows-x86_64 | 1.3.10 | 63.00 | 158.00 | 221.00 | NOTE | |
r-patched-linux-x86_64 | 1.3.10 | 64.51 | 136.81 | 201.32 | OK | |
r-release-linux-x86_64 | 1.3.10 | 56.46 | 133.51 | 189.97 | OK | |
r-release-macos-arm64 | 1.3.10 | 89.00 | NOTE | |||
r-release-macos-x86_64 | 1.3.10 | 185.00 | NOTE | |||
r-release-windows-x86_64 | 1.3.10 | 75.00 | 194.00 | 269.00 | NOTE | |
r-oldrel-macos-arm64 | 1.3.10 | 82.00 | NOTE | |||
r-oldrel-windows-x86_64 | 1.3.10 | 62.00 | 163.00 | 225.00 | NOTE |
Version: 1.3.10
Check: installed package size
Result: NOTE
installed size is 7.1Mb
sub-directories of 1Mb or more:
libs 4.5Mb
Flavors: r-devel-windows-x86_64, r-release-macos-arm64, r-release-macos-x86_64, r-release-windows-x86_64, r-oldrel-macos-arm64, r-oldrel-windows-x86_64