Last updated on 2024-07-03 18:57:38 CEST.
Flavor | Version | Tinstall | Tcheck | Ttotal | Status | Flags |
---|---|---|---|---|---|---|
r-devel-linux-x86_64-debian-clang | 0.4.2 | 15.04 | 70.01 | 85.05 | NOTE | |
r-devel-linux-x86_64-debian-gcc | 0.4.2 | 11.20 | 58.73 | 69.93 | NOTE | |
r-devel-linux-x86_64-fedora-clang | 0.4.2 | 117.35 | NOTE | |||
r-devel-linux-x86_64-fedora-gcc | 0.4.2 | 108.00 | NOTE | |||
r-devel-windows-x86_64 | 0.4.2 | 21.00 | 92.00 | 113.00 | NOTE | |
r-patched-linux-x86_64 | 0.4.2 | 12.75 | 71.41 | 84.16 | OK | |
r-release-linux-x86_64 | 0.4.2 | 10.87 | 70.55 | 81.42 | OK | |
r-release-macos-arm64 | 0.4.2 | 41.00 | OK | |||
r-release-macos-x86_64 | 0.4.2 | 62.00 | OK | |||
r-release-windows-x86_64 | 0.4.2 | 20.00 | 92.00 | 112.00 | OK | |
r-oldrel-macos-arm64 | 0.4.2 | 50.00 | OK | |||
r-oldrel-macos-x86_64 | 0.4.2 | 98.00 | OK | |||
r-oldrel-windows-x86_64 | 0.4.2 | 24.00 | 107.00 | 131.00 | OK |
Version: 0.4.2
Check: compiled code
Result: NOTE
File ‘healthyAddress/libs/healthyAddress.so’:
Found non-API call to R: ‘STRING_PTR’
Compiled code should not call non-API entry points in R.
See ‘Writing portable packages’ in the ‘Writing R Extensions’ manual.
See section ‘Moving into C API compliance’ in the ‘Writing R
Extensions’ manual for issues with use of non-API entry points.
Flavor: r-devel-linux-x86_64-debian-clang
Version: 0.4.2
Check: compiled code
Result: NOTE
File ‘healthyAddress/libs/healthyAddress.so’:
Found non-API call to R: ‘STRING_PTR’
Compiled code should not call non-API entry points in R.
See ‘Writing portable packages’ in the ‘Writing R Extensions’ manual,
and section ‘Moving into C API compliance’ for issues with the use of
non-API entry points.
Flavors: r-devel-linux-x86_64-debian-gcc, r-devel-linux-x86_64-fedora-clang, r-devel-linux-x86_64-fedora-gcc
Version: 0.4.2
Check: compiled code
Result: NOTE
File 'healthyAddress/libs/x64/healthyAddress.dll':
Found non-API call to R: 'STRING_PTR'
Compiled code should not call non-API entry points in R.
See 'Writing portable packages' in the 'Writing R Extensions' manual.
See section 'Moving into C API compliance' in the 'Writing R
Extensions' manual for issues with use of non-API entry points.
Flavor: r-devel-windows-x86_64