Last updated on 2024-04-19 06:56:18 CEST.
Flavor | Version | Tinstall | Tcheck | Ttotal | Status | Flags |
---|---|---|---|---|---|---|
r-devel-linux-x86_64-debian-clang | 1.5.0 | 9.80 | 327.97 | 337.77 | NOTE | |
r-devel-linux-x86_64-debian-gcc | 1.5.0 | NOTE | ||||
r-devel-linux-x86_64-fedora-clang | 1.5.0 | 432.71 | NOTE | |||
r-devel-linux-x86_64-fedora-gcc | 1.5.0 | 421.93 | NOTE | |||
r-prerel-macos-arm64 | 1.5.0 | 115.00 | NOTE | |||
r-prerel-windows-x86_64 | 1.5.0 | 10.00 | 235.00 | 245.00 | NOTE | |
r-patched-linux-x86_64 | 1.5.0 | 15.25 | 308.69 | 323.94 | NOTE | |
r-release-linux-x86_64 | 1.5.0 | 8.45 | 314.02 | 322.47 | OK | |
r-release-macos-arm64 | 1.5.0 | 104.00 | NOTE | |||
r-release-macos-x86_64 | 1.5.0 | 222.00 | NOTE | |||
r-release-windows-x86_64 | 1.5.0 | 12.00 | 303.00 | 315.00 | NOTE | |
r-oldrel-macos-arm64 | 1.5.0 | 84.00 | NOTE | |||
r-oldrel-windows-x86_64 | 1.5.0 | 14.00 | 311.00 | 325.00 | NOTE |
Version: 1.5.0
Check: Rd files
Result: NOTE
checkRd: (-1) heatmaply.Rd:282: Lost braces
282 | row and column dendrograms. The default uses stats{reorder.dendrogram}}
| ^
checkRd: (-1) heatmapr.Rd:93: Lost braces
93 | \item{reorderfun}{function(d, w) of dendrogram and weights for reordering the row and column dendrograms. The default uses stats{reorder.dendrogram}}
| ^
checkRd: (-1) is.plotly.Rd:16: Lost braces
16 | Helpful for the plot_method in link{heatmaply}.
| ^
Flavors: r-devel-linux-x86_64-debian-clang, r-devel-linux-x86_64-debian-gcc, r-devel-linux-x86_64-fedora-clang, r-devel-linux-x86_64-fedora-gcc, r-prerel-macos-arm64, r-prerel-windows-x86_64, r-patched-linux-x86_64
Version: 1.5.0
Check: installed package size
Result: NOTE
installed size is 5.5Mb
sub-directories of 1Mb or more:
doc 5.1Mb
Flavors: r-devel-linux-x86_64-fedora-clang, r-prerel-macos-arm64, r-prerel-windows-x86_64, r-release-macos-arm64, r-release-macos-x86_64, r-release-windows-x86_64, r-oldrel-macos-arm64, r-oldrel-windows-x86_64