CRAN Package Check Results for Package hetsurr

Last updated on 2025-06-30 18:49:42 CEST.

Flavor Version Tinstall Tcheck Ttotal Status Flags
r-devel-linux-x86_64-debian-clang 1.0 6.70 59.84 66.54 NOTE
r-devel-linux-x86_64-debian-gcc 1.0 5.04 46.27 51.31 NOTE
r-devel-linux-x86_64-fedora-clang 1.0 110.77 OK
r-devel-linux-x86_64-fedora-gcc 1.0 94.28 OK
r-devel-windows-x86_64 1.0 8.00 77.00 85.00 OK
r-patched-linux-x86_64 OK
r-release-linux-x86_64 1.0 5.84 56.97 62.81 OK
r-release-macos-arm64 1.0 38.00 OK
r-release-macos-x86_64 1.0 64.00 OK
r-release-windows-x86_64 1.0 8.00 85.00 93.00 OK
r-oldrel-macos-arm64 1.0 34.00 OK
r-oldrel-macos-x86_64 1.0 47.00 OK
r-oldrel-windows-x86_64 1.0 10.00 89.00 99.00 OK

Check Details

Version: 1.0
Check: CRAN incoming feasibility
Result: NOTE Maintainer: ‘Layla Parast <parast@austin.utexas.edu>’ No Authors@R field in DESCRIPTION. Please add one, modifying Authors@R: person(given = "Layla", family = "Parast", role = c("aut", "cre"), email = "parast@austin.utexas.edu") as necessary. Flavors: r-devel-linux-x86_64-debian-clang, r-devel-linux-x86_64-debian-gcc