Last updated on 2024-05-21 18:49:16 CEST.
Flavor | Version | Tinstall | Tcheck | Ttotal | Status | Flags |
---|---|---|---|---|---|---|
r-devel-linux-x86_64-debian-clang | 0.1.3 | 16.21 | 332.68 | 348.89 | OK | |
r-devel-linux-x86_64-debian-gcc | 0.1.3 | 12.35 | 243.20 | 255.55 | OK | |
r-devel-linux-x86_64-fedora-clang | 0.1.3 | 426.55 | OK | |||
r-devel-linux-x86_64-fedora-gcc | 0.1.3 | 413.33 | OK | |||
r-devel-windows-x86_64 | 0.1.3 | 13.00 | 232.00 | 245.00 | OK | |
r-patched-linux-x86_64 | 0.1.3 | 9.73 | 315.92 | 325.65 | ERROR | |
r-release-linux-x86_64 | 0.1.3 | 10.78 | 321.02 | 331.80 | OK | |
r-release-macos-arm64 | 0.1.3 | 104.00 | OK | |||
r-release-windows-x86_64 | 0.1.3 | 15.00 | 230.00 | 245.00 | OK | |
r-oldrel-macos-arm64 | 0.1.3 | 111.00 | OK | |||
r-oldrel-macos-x86_64 | 0.1.3 | 237.00 | OK | |||
r-oldrel-windows-x86_64 | 0.1.3 | 18.00 | 301.00 | 319.00 | OK |
Version: 0.1.3
Check: tests
Result: ERROR
Running ‘testthat.R’ [48s/58s]
Running the tests in ‘tests/testthat.R’ failed.
Complete output:
> library(testthat)
> library(hettx)
>
> test_check("hettx")
[ FAIL 1 | WARN 0 | SKIP 0 | PASS 29 ]
══ Failed tests ════════════════════════════════════════════════════════════════
── Error ('test_estimate_systematic.R:99:5'): Main complier methods work ───────
Error in `est.beta.LATE(formula = formula, data = data, interaction.formula = interaction.formula,
method = method, na.rm = na.rm)`: min(n11, n10, n01, n00) > 1 is not TRUE
Backtrace:
▆
1. └─hettx::estimate_systematic(...) at test_estimate_systematic.R:99:5
2. └─hettx:::est.beta.LATE(...)
3. └─base::stopifnot(min(n11, n10, n01, n00) > 1)
[ FAIL 1 | WARN 0 | SKIP 0 | PASS 29 ]
Error: Test failures
Execution halted
Flavor: r-patched-linux-x86_64