Last updated on 2025-10-27 05:50:13 CET.
| Flavor | Version | Tinstall | Tcheck | Ttotal | Status | Flags |
|---|---|---|---|---|---|---|
| r-devel-linux-x86_64-debian-clang | 0.5-11 | 5.71 | 147.70 | 153.41 | NOTE | |
| r-devel-linux-x86_64-debian-gcc | 0.5-11 | 4.24 | 98.11 | 102.35 | NOTE | |
| r-devel-linux-x86_64-fedora-clang | 0.5-11 | 11.00 | 218.37 | 229.37 | NOTE | |
| r-devel-linux-x86_64-fedora-gcc | 0.5-11 | 13.00 | 222.73 | 235.73 | NOTE | |
| r-devel-windows-x86_64 | 0.5-11 | 9.00 | 167.00 | 176.00 | NOTE | |
| r-patched-linux-x86_64 | 0.5-11 | 5.22 | 142.96 | 148.18 | NOTE | |
| r-release-linux-x86_64 | 0.5-11 | 5.25 | 144.19 | 149.44 | NOTE | |
| r-release-macos-arm64 | 0.5-11 | 3.00 | 82.00 | 85.00 | NOTE | |
| r-release-macos-x86_64 | 0.5-11 | 5.00 | 142.00 | 147.00 | NOTE | |
| r-release-windows-x86_64 | 0.5-11 | 9.00 | 166.00 | 175.00 | NOTE | |
| r-oldrel-macos-arm64 | 0.5-11 | 3.00 | 67.00 | 70.00 | NOTE | |
| r-oldrel-macos-x86_64 | 0.5-11 | 4.00 | 112.00 | 116.00 | NOTE | |
| r-oldrel-windows-x86_64 | 0.5-11 | 11.00 | 216.00 | 227.00 | NOTE |
Version: 0.5-11
Check: Rd files
Result: NOTE
checkRd: (-1) read.VCF.Rd:21: Lost braces
21 | Reads a \url{https://samtools.github.io/hts-specs/}{Variant Call Format (VCF)} file into a BED object,
| ^
Flavors: r-devel-linux-x86_64-debian-clang, r-devel-linux-x86_64-debian-gcc, r-devel-linux-x86_64-fedora-clang, r-devel-linux-x86_64-fedora-gcc, r-devel-windows-x86_64, r-patched-linux-x86_64, r-release-linux-x86_64, r-release-macos-arm64, r-release-macos-x86_64, r-release-windows-x86_64, r-oldrel-macos-arm64, r-oldrel-macos-x86_64, r-oldrel-windows-x86_64