CRAN Package Check Results for Package highd2means

Last updated on 2025-11-20 17:49:40 CET.

Flavor Version Tinstall Tcheck Ttotal Status Flags
r-devel-linux-x86_64-debian-clang 1.0 3.58 29.26 32.84 OK
r-devel-linux-x86_64-debian-gcc 1.0 2.64 23.02 25.66 OK
r-devel-linux-x86_64-fedora-clang 1.0 49.59 OK
r-devel-linux-x86_64-fedora-gcc 1.0 12.00 38.60 50.60 OK
r-devel-windows-x86_64 1.0 7.00 44.00 51.00 NOTE
r-patched-linux-x86_64 1.0 3.74 27.76 31.50 OK
r-release-linux-x86_64 1.0 3.41 27.79 31.20 OK
r-release-macos-arm64 1.0 OK
r-release-macos-x86_64 1.0 3.00 32.00 35.00 OK
r-release-windows-x86_64 1.0 5.00 45.00 50.00 OK
r-oldrel-macos-arm64 1.0 OK
r-oldrel-macos-x86_64 1.0 4.00 37.00 41.00 OK
r-oldrel-windows-x86_64 1.0 7.00 52.00 59.00 OK

Check Details

Version: 1.0
Check: Rd files
Result: NOTE checkRd: (-1) highd2means-package.Rd:11-17: Only 3 columns allowed in this table (row 1 has 2) checkRd: (-1) highd2means-package.Rd:11-17: Only 3 columns allowed in this table (row 2 has 2) checkRd: (-1) highd2means-package.Rd:11-17: Only 3 columns allowed in this table (row 3 has 2) checkRd: (-1) highd2means-package.Rd:11-17: Only 3 columns allowed in this table (row 4 has 2) checkRd: (-1) highd2means-package.Rd:11-17: Only 3 columns allowed in this table (row 5 has 2) Flavor: r-devel-windows-x86_64