Last updated on 2025-07-27 06:49:29 CEST.
Flavor | Version | Tinstall | Tcheck | Ttotal | Status | Flags |
---|---|---|---|---|---|---|
r-devel-linux-x86_64-debian-clang | 0.0.5 | 3.33 | 109.28 | 112.61 | NOTE | |
r-devel-linux-x86_64-debian-gcc | 0.0.5 | 2.38 | 74.51 | 76.89 | NOTE | |
r-devel-linux-x86_64-fedora-clang | 0.0.5 | 173.92 | OK | |||
r-devel-linux-x86_64-fedora-gcc | 0.0.5 | 189.42 | OK | |||
r-devel-windows-x86_64 | 0.0.5 | 5.00 | 138.00 | 143.00 | OK | |
r-patched-linux-x86_64 | 0.0.5 | 4.22 | 104.80 | 109.02 | OK | |
r-release-linux-x86_64 | 0.0.5 | 3.37 | 102.68 | 106.05 | OK | |
r-release-macos-arm64 | 0.0.5 | 69.00 | OK | |||
r-release-macos-x86_64 | 0.0.5 | 131.00 | OK | |||
r-release-windows-x86_64 | 0.0.5 | 5.00 | 127.00 | 132.00 | OK | |
r-oldrel-macos-arm64 | 0.0.5 | 63.00 | OK | |||
r-oldrel-macos-x86_64 | 0.0.5 | 110.00 | OK | |||
r-oldrel-windows-x86_64 | 0.0.5 | 7.00 | 162.00 | 169.00 | OK |
Version: 0.0.5
Check: CRAN incoming feasibility
Result: NOTE
Maintainer: ‘Samuel Thomas <samthoma@iu.edu>’
The Description field contains
Monte Carlo" <arXiv:1701.02434>, Thomas, S., Tu, W. (2020) "Learning
Hamiltonian Monte Carlo in R" <arXiv:2006.16194>, Gelman, A., Carlin,
Please refer to arXiv e-prints via their arXiv DOI <doi:10.48550/arXiv.YYMM.NNNNN>.
Flavors: r-devel-linux-x86_64-debian-clang, r-devel-linux-x86_64-debian-gcc