Last updated on 2024-03-28 17:49:30 CET.
Flavor | Version | Tinstall | Tcheck | Ttotal | Status | Flags |
---|---|---|---|---|---|---|
r-devel-linux-x86_64-debian-clang | 1.2-6 | 4.74 | 59.36 | 64.10 | NOTE | |
r-devel-linux-x86_64-debian-gcc | 1.2-6 | 3.77 | 43.05 | 46.82 | NOTE | |
r-devel-linux-x86_64-fedora-clang | 1.2-6 | 85.55 | NOTE | |||
r-devel-linux-x86_64-fedora-gcc | 1.2-6 | 81.04 | NOTE | |||
r-devel-windows-x86_64 | 1.2-6 | 5.00 | 66.00 | 71.00 | NOTE | |
r-patched-linux-x86_64 | 1.2-6 | 4.89 | 57.13 | 62.02 | NOTE | |
r-release-linux-x86_64 | 1.2-6 | 4.46 | 58.28 | 62.74 | NOTE | |
r-release-macos-arm64 | 1.2-6 | 25.00 | NOTE | |||
r-release-macos-x86_64 | 1.2-6 | 42.00 | NOTE | |||
r-release-windows-x86_64 | 1.2-6 | 4.00 | 72.00 | 76.00 | NOTE | |
r-oldrel-macos-arm64 | 1.2-6 | 27.00 | NOTE | |||
r-oldrel-windows-x86_64 | 1.2-6 | 7.00 | 79.00 | 86.00 | NOTE |
Version: 1.2-6
Check: package dependencies
Result: NOTE
Package suggested but not available for checking: ‘glmmADMB’
Flavors: r-devel-linux-x86_64-debian-clang, r-devel-linux-x86_64-debian-gcc, r-devel-linux-x86_64-fedora-clang, r-devel-linux-x86_64-fedora-gcc, r-devel-windows-x86_64, r-patched-linux-x86_64, r-release-linux-x86_64, r-release-macos-arm64, r-release-macos-x86_64, r-release-windows-x86_64, r-oldrel-macos-arm64, r-oldrel-windows-x86_64