Last updated on 2024-07-23 18:59:01 CEST.
Flavor | Version | Tinstall | Tcheck | Ttotal | Status | Flags |
---|---|---|---|---|---|---|
r-devel-linux-x86_64-debian-clang | 0.1.0 | 3.89 | 41.96 | 45.85 | OK | |
r-devel-linux-x86_64-debian-gcc | 0.1.0 | 3.10 | 30.29 | 33.39 | OK | |
r-devel-linux-x86_64-fedora-clang | 0.1.0 | 53.93 | NOTE | |||
r-devel-linux-x86_64-fedora-gcc | 0.1.0 | 52.72 | NOTE | |||
r-devel-windows-x86_64 | 0.1.0 | 5.00 | 52.00 | 57.00 | OK | |
r-patched-linux-x86_64 | 0.1.0 | 4.77 | 37.55 | 42.32 | OK | |
r-release-linux-x86_64 | 0.1.0 | 3.04 | 38.98 | 42.02 | OK | |
r-release-macos-arm64 | 0.1.0 | 21.00 | OK | |||
r-release-macos-x86_64 | 0.1.0 | 37.00 | OK | |||
r-release-windows-x86_64 | 0.1.0 | 5.00 | 51.00 | 56.00 | OK | |
r-oldrel-macos-arm64 | 0.1.0 | 21.00 | OK | |||
r-oldrel-macos-x86_64 | 0.1.0 | 29.00 | OK | |||
r-oldrel-windows-x86_64 | 0.1.0 | 6.00 | 56.00 | 62.00 | OK |
Version: 0.1.0
Check: data for non-ASCII characters
Result: NOTE
Note: found 124 marked UTF-8 strings
Flavors: r-devel-linux-x86_64-fedora-clang, r-devel-linux-x86_64-fedora-gcc