Last updated on 2024-07-03 18:57:38 CEST.
Flavor | Version | Tinstall | Tcheck | Ttotal | Status | Flags |
---|---|---|---|---|---|---|
r-devel-linux-x86_64-debian-clang | 2.0.3 | 77.79 | 59.86 | 137.65 | OK | |
r-devel-linux-x86_64-debian-gcc | 2.0.3 | 48.65 | 44.40 | 93.05 | OK | |
r-devel-linux-x86_64-fedora-clang | 2.0.3 | 224.39 | NOTE | |||
r-devel-linux-x86_64-fedora-gcc | 2.0.3 | 205.87 | NOTE | |||
r-devel-windows-x86_64 | 2.0.3 | 67.00 | 99.00 | 166.00 | OK | |
r-patched-linux-x86_64 | 2.0.3 | 66.26 | 58.81 | 125.07 | OK | |
r-release-linux-x86_64 | 2.0.3 | 55.37 | 57.07 | 112.44 | OK | |
r-release-macos-arm64 | 2.0.3 | 52.00 | OK | |||
r-release-macos-x86_64 | 2.0.3 | 62.00 | OK | |||
r-release-windows-x86_64 | 2.0.3 | 65.00 | 100.00 | 165.00 | OK | |
r-oldrel-macos-arm64 | 2.0.3 | 54.00 | OK | |||
r-oldrel-macos-x86_64 | 2.0.3 | 106.00 | OK | |||
r-oldrel-windows-x86_64 | 2.0.3 | 77.00 | 108.00 | 185.00 | OK |
Version: 2.0.3
Check: compiled code
Result: NOTE
File ‘hsphase/libs/hsphase.so’:
Found no calls to: ‘R_registerRoutines’, ‘R_useDynamicSymbols’
It is good practice to register native routines and to disable symbol
search.
See ‘Writing portable packages’ in the ‘Writing R Extensions’ manual.
Flavors: r-devel-linux-x86_64-fedora-clang, r-devel-linux-x86_64-fedora-gcc