Last updated on 2024-03-28 17:49:30 CET.
Flavor | Version | Tinstall | Tcheck | Ttotal | Status | Flags |
---|---|---|---|---|---|---|
r-devel-linux-x86_64-debian-clang | 0.0.11 | 1.97 | 20.64 | 22.61 | NOTE | |
r-devel-linux-x86_64-debian-gcc | 0.0.11 | 1.52 | 16.59 | 18.11 | NOTE | |
r-devel-linux-x86_64-fedora-clang | 0.0.11 | 28.62 | NOTE | |||
r-devel-linux-x86_64-fedora-gcc | 0.0.11 | 28.50 | NOTE | |||
r-devel-windows-x86_64 | 0.0.11 | 3.00 | 34.00 | 37.00 | NOTE | |
r-patched-linux-x86_64 | 0.0.11 | 2.04 | 20.11 | 22.15 | NOTE | |
r-release-linux-x86_64 | 0.0.11 | 1.87 | 20.20 | 22.07 | NOTE | |
r-release-macos-arm64 | 0.0.11 | 19.00 | NOTE | |||
r-release-macos-x86_64 | 0.0.11 | 19.00 | NOTE | |||
r-release-windows-x86_64 | 0.0.11 | 5.00 | 36.00 | 41.00 | NOTE | |
r-oldrel-macos-arm64 | 0.0.11 | 18.00 | OK | |||
r-oldrel-windows-x86_64 | 0.0.11 | 21.00 | 43.00 | 64.00 | OK |
Version: 0.0.11
Check: Rd files
Result: NOTE
checkRd: (-1) simplePostToHost.Rd:14: Escaped LaTeX specials: \&
Flavors: r-devel-linux-x86_64-debian-clang, r-devel-linux-x86_64-debian-gcc, r-devel-linux-x86_64-fedora-clang, r-devel-linux-x86_64-fedora-gcc, r-devel-windows-x86_64, r-patched-linux-x86_64, r-release-linux-x86_64, r-release-macos-arm64, r-release-macos-x86_64, r-release-windows-x86_64