Last updated on 2024-04-24 07:15:04 CEST.
Flavor | Version | Tinstall | Tcheck | Ttotal | Status | Flags |
---|---|---|---|---|---|---|
r-devel-linux-x86_64-debian-clang | 1.6.15 | 195.10 | 52.01 | 247.11 | NOTE | |
r-devel-linux-x86_64-debian-gcc | 1.6.15 | 140.10 | 38.68 | 178.78 | NOTE | |
r-devel-linux-x86_64-fedora-clang | 1.6.15 | 370.66 | NOTE | |||
r-devel-linux-x86_64-fedora-gcc | 1.6.15 | 344.84 | NOTE | |||
r-prerel-macos-arm64 | 1.6.15 | 137.00 | NOTE | |||
r-prerel-macos-x86_64 | 1.6.15 | 216.00 | NOTE | |||
r-prerel-windows-x86_64 | 1.6.15 | 193.00 | 84.00 | 277.00 | NOTE | |
r-patched-linux-x86_64 | 1.6.15 | 164.04 | 49.07 | 213.11 | NOTE | |
r-release-linux-x86_64 | 1.6.15 | 177.14 | 50.25 | 227.39 | NOTE | |
r-release-macos-arm64 | 1.6.15 | 144.00 | NOTE | |||
r-release-macos-x86_64 | 1.6.15 | 179.00 | NOTE | |||
r-release-windows-x86_64 | 1.6.15 | 243.00 | 100.00 | 343.00 | NOTE | |
r-oldrel-macos-arm64 | 1.6.15 | 138.00 | NOTE | |||
r-oldrel-windows-x86_64 | 1.6.15 | 212.00 | 92.00 | 304.00 | NOTE |
Version: 1.6.15
Check: for GNU extensions in Makefiles
Result: NOTE
GNU make is a SystemRequirements.
Flavors: r-devel-linux-x86_64-debian-clang, r-devel-linux-x86_64-debian-gcc, r-devel-linux-x86_64-fedora-clang, r-devel-linux-x86_64-fedora-gcc, r-prerel-macos-arm64, r-prerel-macos-x86_64, r-prerel-windows-x86_64, r-patched-linux-x86_64, r-release-linux-x86_64, r-release-macos-arm64, r-release-macos-x86_64, r-release-windows-x86_64, r-oldrel-macos-arm64, r-oldrel-windows-x86_64
Version: 1.6.15
Check: installed package size
Result: NOTE
installed size is 9.0Mb
sub-directories of 1Mb or more:
libs 8.6Mb
Flavors: r-prerel-macos-arm64, r-prerel-macos-x86_64, r-release-macos-arm64, r-release-macos-x86_64, r-oldrel-macos-arm64