Last updated on 2025-05-05 18:50:07 CEST.
Flavor | Version | Tinstall | Tcheck | Ttotal | Status | Flags |
---|---|---|---|---|---|---|
r-devel-linux-x86_64-debian-clang | 1.1 | 5.10 | 53.19 | 58.29 | NOTE | |
r-devel-linux-x86_64-debian-gcc | 1.1 | 4.04 | 37.50 | 41.54 | NOTE | |
r-devel-linux-x86_64-fedora-clang | 1.2 | 95.38 | OK | |||
r-devel-linux-x86_64-fedora-gcc | 1.2 | 110.28 | OK | |||
r-devel-windows-x86_64 | 1.1 | 8.00 | 66.00 | 74.00 | NOTE | |
r-patched-linux-x86_64 | 1.1 | 5.77 | 51.20 | 56.97 | NOTE | |
r-release-linux-x86_64 | 1.1 | 4.94 | 51.59 | 56.53 | NOTE | |
r-release-macos-arm64 | 1.2 | 37.00 | OK | |||
r-release-macos-x86_64 | 1.2 | 78.00 | OK | |||
r-release-windows-x86_64 | 1.1 | 7.00 | 65.00 | 72.00 | NOTE | |
r-oldrel-macos-arm64 | 1.2 | 46.00 | OK | |||
r-oldrel-macos-x86_64 | 1.2 | 75.00 | OK | |||
r-oldrel-windows-x86_64 | 1.1 | 9.00 | 80.00 | 89.00 | NOTE |
Version: 1.1
Check: Rd files
Result: NOTE
checkRd: (-1) ws_download.Rd:31: Lost braces; missing escapes or markup?
31 | (while using the {hwsdr} package for HWSD v2.0).
| ^
Flavors: r-devel-linux-x86_64-debian-clang, r-devel-linux-x86_64-debian-gcc, r-devel-windows-x86_64, r-patched-linux-x86_64, r-release-linux-x86_64, r-release-windows-x86_64, r-oldrel-windows-x86_64