Last updated on 2024-03-28 17:49:31 CET.
Flavor | Version | Tinstall | Tcheck | Ttotal | Status | Flags |
---|---|---|---|---|---|---|
r-devel-linux-x86_64-debian-clang | 0.7-0 | 13.47 | 108.82 | 122.29 | OK | |
r-devel-linux-x86_64-debian-gcc | 0.7-0 | 7.83 | 123.69 | 131.52 | OK | |
r-devel-linux-x86_64-fedora-clang | 0.7-0 | 213.56 | OK | |||
r-devel-linux-x86_64-fedora-gcc | 0.7-0 | 232.51 | OK | |||
r-devel-windows-x86_64 | 0.7-0 | 11.00 | 299.00 | 310.00 | OK | |
r-patched-linux-x86_64 | 0.7-0 | 15.70 | 111.35 | 127.05 | OK | |
r-release-linux-x86_64 | 0.7-0 | 9.52 | 105.18 | 114.70 | OK | |
r-release-macos-arm64 | 0.7-0 | 76.00 | OK | |||
r-release-macos-x86_64 | 0.7-0 | 135.00 | OK | |||
r-release-windows-x86_64 | 0.7-0 | 12.00 | 283.00 | 295.00 | OK | |
r-oldrel-macos-arm64 | 0.7-0 | 71.00 | OK | |||
r-oldrel-windows-x86_64 | 0.7-0 | 14.00 | 278.00 | 292.00 | NOTE |
Version: 0.7-0
Check: HTML version of manual
Result: NOTE
Found the following problems:
baseflow.Rd:167:38: Warning: nested emphasis <code>
baseflow.Rd:171:38: Warning: nested emphasis <code>
Flavor: r-oldrel-windows-x86_64