Last updated on 2025-07-25 06:49:35 CEST.
Flavor | Version | Tinstall | Tcheck | Ttotal | Status | Flags |
---|---|---|---|---|---|---|
r-devel-linux-x86_64-debian-clang | 2.1.0 | 10.08 | 85.51 | 95.59 | OK | |
r-devel-linux-x86_64-debian-gcc | 2.1.0 | 6.72 | 58.33 | 65.05 | OK | |
r-devel-linux-x86_64-fedora-clang | 2.1.0 | 142.19 | OK | |||
r-devel-linux-x86_64-fedora-gcc | 2.1.0 | 137.39 | OK | |||
r-devel-windows-x86_64 | 2.1.0 | 11.00 | 102.00 | 113.00 | OK | |
r-patched-linux-x86_64 | 2.1.0 | 10.15 | 79.63 | 89.78 | OK | |
r-release-linux-x86_64 | 2.1.0 | 10.18 | 79.30 | 89.48 | OK | |
r-release-macos-arm64 | 2.1.0 | 46.00 | OK | |||
r-release-macos-x86_64 | 2.1.0 | 84.00 | OK | |||
r-release-windows-x86_64 | 2.1.0 | 11.00 | 101.00 | 112.00 | OK | |
r-oldrel-macos-arm64 | 2.1.0 | 43.00 | NOTE | |||
r-oldrel-macos-x86_64 | 2.1.0 | 125.00 | NOTE | |||
r-oldrel-windows-x86_64 | 2.1.0 | 15.00 | 117.00 | 132.00 | NOTE |
Version: 2.1.0
Check: installed package size
Result: NOTE
installed size is 5.3Mb
sub-directories of 1Mb or more:
java 4.2Mb
Flavors: r-oldrel-macos-arm64, r-oldrel-macos-x86_64, r-oldrel-windows-x86_64