CRAN Package Check Results for Package iTOP

Last updated on 2025-04-15 06:51:47 CEST.

Flavor Version Tinstall Tcheck Ttotal Status Flags
r-devel-linux-x86_64-debian-clang 1.0.2 1.97 89.49 91.46 OK
r-devel-linux-x86_64-debian-gcc 1.0.2 1.60 58.53 60.13 OK
r-devel-linux-x86_64-fedora-clang 1.0.2 141.35 OK
r-devel-linux-x86_64-fedora-gcc 1.0.2 169.64 OK
r-devel-windows-x86_64 1.0.2 3.00 105.00 108.00 OK
r-patched-linux-x86_64 1.0.2 2.35 84.29 86.64 OK
r-release-linux-x86_64 1.0.2 2.13 83.77 85.90 OK
r-release-macos-arm64 1.0.2 62.00 OK
r-release-macos-x86_64 1.0.2 114.00 OK
r-release-windows-x86_64 1.0.2 3.00 106.00 109.00 OK
r-oldrel-macos-arm64 1.0.2 54.00 NOTE
r-oldrel-macos-x86_64 1.0.2 104.00 NOTE
r-oldrel-windows-x86_64 1.0.2 4.00 133.00 137.00 NOTE

Check Details

Version: 1.0.2
Check: LazyData
Result: NOTE 'LazyData' is specified without a 'data' directory Flavors: r-oldrel-macos-arm64, r-oldrel-macos-x86_64, r-oldrel-windows-x86_64