Last updated on 2025-11-23 05:50:19 CET.
| Flavor | Version | Tinstall | Tcheck | Ttotal | Status | Flags |
|---|---|---|---|---|---|---|
| r-devel-linux-x86_64-debian-clang | 0.0.3 | 2.27 | 21.96 | 24.23 | NOTE | |
| r-devel-linux-x86_64-debian-gcc | 0.0.3 | 1.76 | 17.92 | 19.68 | NOTE | |
| r-devel-linux-x86_64-fedora-clang | 0.0.3 | 12.00 | 25.90 | 37.90 | NOTE | |
| r-devel-linux-x86_64-fedora-gcc | 0.0.3 | 30.87 | NOTE | |||
| r-devel-windows-x86_64 | 0.0.3 | 5.00 | 45.00 | 50.00 | NOTE | |
| r-patched-linux-x86_64 | 0.0.3 | 2.33 | 20.94 | 23.27 | NOTE | |
| r-release-linux-x86_64 | 0.0.3 | 2.26 | 20.80 | 23.06 | NOTE | |
| r-release-macos-arm64 | 0.0.3 | NOTE | ||||
| r-release-macos-x86_64 | 0.0.3 | 2.00 | 27.00 | 29.00 | NOTE | |
| r-release-windows-x86_64 | 0.0.3 | 4.00 | 43.00 | 47.00 | NOTE | |
| r-oldrel-macos-arm64 | 0.0.3 | OK | ||||
| r-oldrel-macos-x86_64 | 0.0.3 | 2.00 | 23.00 | 25.00 | OK | |
| r-oldrel-windows-x86_64 | 0.0.3 | 6.00 | 47.00 | 53.00 | OK |
Version: 0.0.3
Check: DESCRIPTION meta-information
Result: NOTE
Missing dependency on R >= 4.1.0 because package code uses the pipe
|> or function shorthand \(...) syntax added in R 4.1.0.
File(s) using such syntax:
‘app.R’
Flavors: r-devel-linux-x86_64-debian-clang, r-devel-linux-x86_64-debian-gcc, r-devel-linux-x86_64-fedora-clang, r-devel-linux-x86_64-fedora-gcc, r-devel-windows-x86_64, r-patched-linux-x86_64, r-release-linux-x86_64, r-release-macos-arm64, r-release-macos-x86_64, r-release-windows-x86_64