Last updated on 2024-04-24 07:15:05 CEST.
Flavor | Version | Tinstall | Tcheck | Ttotal | Status | Flags |
---|---|---|---|---|---|---|
r-devel-linux-x86_64-debian-clang | 2.1.1 | 2.49 | 24.53 | 27.02 | NOTE | |
r-devel-linux-x86_64-debian-gcc | 2.1.1 | 1.87 | 19.45 | 21.32 | NOTE | |
r-devel-linux-x86_64-fedora-clang | 2.1.1 | 34.37 | NOTE | |||
r-devel-linux-x86_64-fedora-gcc | 2.1.1 | 32.57 | NOTE | |||
r-prerel-macos-arm64 | 2.1.1 | 15.00 | NOTE | |||
r-prerel-windows-x86_64 | 2.1.1 | 3.00 | 42.00 | 45.00 | NOTE | |
r-patched-linux-x86_64 | 2.1.1 | 1.72 | 24.51 | 26.23 | NOTE | |
r-release-linux-x86_64 | 2.1.1 | 2.38 | 24.80 | 27.18 | OK | |
r-release-macos-arm64 | 2.1.1 | 15.00 | OK | |||
r-release-macos-x86_64 | 2.1.1 | 21.00 | OK | |||
r-release-windows-x86_64 | 2.1.1 | 3.00 | 42.00 | 45.00 | OK | |
r-oldrel-macos-arm64 | 2.1.1 | 18.00 | OK | |||
r-oldrel-windows-x86_64 | 2.1.1 | 6.00 | 49.00 | 55.00 | OK |
Version: 2.1.1
Check: Rd files
Result: NOTE
checkRd: (-1) Bpa.Rd:39-40: Lost braces
39 | stocks. \doi{10.17895/ices.pub.3036}{\emph{ICES Advice
| ^
checkRd: (-1) Fpa.Rd:42-43: Lost braces
42 | stocks. \doi{10.17895/ices.pub.3036}{\emph{ICES Advice
| ^
checkRd: (-1) icesRound.Rd:64-65: Lost braces
64 | \doi{10.17895/ices.pub.3038}{\emph{ICES Advice Technical
| ^
checkRd: (-1) mohn.Rd:71-72: Lost braces
71 | \doi{10.17895/ices.pub.5997}{\emph{ICES Scientific Reports
| ^
Flavors: r-devel-linux-x86_64-debian-clang, r-devel-linux-x86_64-debian-gcc, r-devel-linux-x86_64-fedora-clang, r-devel-linux-x86_64-fedora-gcc, r-prerel-macos-arm64, r-prerel-windows-x86_64, r-patched-linux-x86_64