Last updated on 2025-10-12 18:49:40 CEST.
Flavor | Version | Tinstall | Tcheck | Ttotal | Status | Flags |
---|---|---|---|---|---|---|
r-devel-linux-x86_64-debian-clang | 1.0.1 | 1.89 | 33.76 | 35.65 | NOTE | |
r-devel-linux-x86_64-debian-gcc | 1.0.1 | 1.63 | 26.95 | 28.58 | NOTE | |
r-devel-linux-x86_64-fedora-clang | 1.0.1 | 55.34 | OK | |||
r-devel-linux-x86_64-fedora-gcc | 1.0.1 | 67.16 | OK | |||
r-devel-windows-x86_64 | 1.0.1 | 3.00 | 52.00 | 55.00 | OK | |
r-patched-linux-x86_64 | 1.0.1 | 2.07 | 30.64 | 32.71 | OK | |
r-release-linux-x86_64 | 1.0.1 | 2.09 | 30.49 | 32.58 | OK | |
r-release-macos-arm64 | 1.0.1 | 37.00 | OK | |||
r-release-macos-x86_64 | 1.0.1 | 52.00 | OK | |||
r-release-windows-x86_64 | 1.0.1 | 5.00 | 54.00 | 59.00 | OK | |
r-oldrel-macos-arm64 | 1.0.1 | 25.00 | OK | |||
r-oldrel-macos-x86_64 | 1.0.1 | 40.00 | OK | |||
r-oldrel-windows-x86_64 | 1.0.1 | 5.00 | 60.00 | 65.00 | OK |
Version: 1.0.1
Check: CRAN incoming feasibility
Result: NOTE
Maintainer: ‘Rich FitzJohn <rich.fitzjohn@gmail.com>’
Found the following (possibly) invalid file URI:
URI: gfycat.com
From: man/adjective_animal.Rd
Flavors: r-devel-linux-x86_64-debian-clang, r-devel-linux-x86_64-debian-gcc