Last updated on 2024-07-03 18:57:38 CEST.
Flavor | Version | Tinstall | Tcheck | Ttotal | Status | Flags |
---|---|---|---|---|---|---|
r-devel-linux-x86_64-debian-clang | 2.0.3 | 313.11 | 474.73 | 787.84 | NOTE | |
r-devel-linux-x86_64-debian-gcc | 2.0.3 | 240.94 | 360.56 | 601.50 | NOTE | |
r-devel-linux-x86_64-fedora-clang | 2.0.3 | 1078.57 | NOTE | |||
r-devel-linux-x86_64-fedora-gcc | 2.0.3 | 1040.33 | NOTE | |||
r-devel-windows-x86_64 | 2.0.3 | 409.00 | 474.00 | 883.00 | NOTE | |
r-patched-linux-x86_64 | 2.0.3 | 302.22 | 472.26 | 774.48 | OK | |
r-release-linux-x86_64 | 2.0.3 | 259.03 | 467.74 | 726.77 | OK | |
r-release-macos-arm64 | 2.0.3 | 229.00 | NOTE | |||
r-release-macos-x86_64 | 2.0.3 | 298.00 | NOTE | |||
r-release-windows-x86_64 | 2.0.3 | 401.00 | 473.00 | 874.00 | NOTE | |
r-oldrel-macos-arm64 | 2.0.3 | 230.00 | NOTE | |||
r-oldrel-macos-x86_64 | 2.0.3 | 410.00 | NOTE | |||
r-oldrel-windows-x86_64 | 2.0.3 | 439.00 | 590.00 | 1029.00 | NOTE |
Version: 2.0.3
Check: compiled code
Result: NOTE
File ‘igraph/libs/igraph.so’:
Found non-API calls to R: ‘PRENV’, ‘R_PromiseExpr’, ‘SETLENGTH’,
‘SET_GROWABLE_BIT’, ‘SET_TRUELENGTH’
Compiled code should not call non-API entry points in R.
See ‘Writing portable packages’ in the ‘Writing R Extensions’ manual.
See section ‘Moving into C API compliance’ in the ‘Writing R
Extensions’ manual for issues with use of non-API entry points.
Flavor: r-devel-linux-x86_64-debian-clang
Version: 2.0.3
Check: compiled code
Result: NOTE
File ‘igraph/libs/igraph.so’:
Found non-API calls to R: ‘PRENV’, ‘R_PromiseExpr’, ‘SETLENGTH’,
‘SET_GROWABLE_BIT’, ‘SET_TRUELENGTH’
Compiled code should not call non-API entry points in R.
See ‘Writing portable packages’ in the ‘Writing R Extensions’ manual,
and section ‘Moving into C API compliance’ for issues with the use of
non-API entry points.
Flavors: r-devel-linux-x86_64-debian-gcc, r-devel-linux-x86_64-fedora-clang, r-devel-linux-x86_64-fedora-gcc
Version: 2.0.3
Check: installed package size
Result: NOTE
installed size is 8.8Mb
sub-directories of 1Mb or more:
R 1.4Mb
doc 1.2Mb
help 2.0Mb
libs 3.6Mb
Flavors: r-devel-linux-x86_64-fedora-clang, r-devel-windows-x86_64, r-release-macos-arm64, r-release-macos-x86_64, r-release-windows-x86_64, r-oldrel-macos-arm64, r-oldrel-macos-x86_64, r-oldrel-windows-x86_64
Version: 2.0.3
Check: compiled code
Result: NOTE
File 'igraph/libs/x64/igraph.dll':
Found non-API calls to R: 'PRENV', 'R_PromiseExpr', 'SETLENGTH',
'SET_GROWABLE_BIT', 'SET_TRUELENGTH'
Compiled code should not call non-API entry points in R.
See 'Writing portable packages' in the 'Writing R Extensions' manual.
See section 'Moving into C API compliance' in the 'Writing R
Extensions' manual for issues with use of non-API entry points.
Flavor: r-devel-windows-x86_64