Last updated on 2024-07-03 18:57:38 CEST.
Flavor | Version | Tinstall | Tcheck | Ttotal | Status | Flags |
---|---|---|---|---|---|---|
r-devel-linux-x86_64-debian-clang | 1.0 | 2.58 | 30.19 | 32.77 | NOTE | |
r-devel-linux-x86_64-debian-gcc | 1.0 | 2.68 | 23.66 | 26.34 | NOTE | |
r-devel-linux-x86_64-fedora-clang | 1.0 | 44.95 | NOTE | |||
r-devel-linux-x86_64-fedora-gcc | 1.0 | 39.72 | NOTE | |||
r-devel-windows-x86_64 | 1.0 | 4.00 | 44.00 | 48.00 | NOTE | |
r-patched-linux-x86_64 | 1.0 | 3.04 | 29.43 | 32.47 | NOTE | |
r-release-linux-x86_64 | 1.0 | 3.11 | 29.44 | 32.55 | NOTE | |
r-release-macos-arm64 | 1.0 | 19.00 | NOTE | |||
r-release-macos-x86_64 | 1.0 | 29.00 | NOTE | |||
r-release-windows-x86_64 | 1.0 | 4.00 | 44.00 | 48.00 | NOTE | |
r-oldrel-macos-arm64 | 1.0 | 19.00 | NOTE | |||
r-oldrel-macos-x86_64 | 1.0 | 23.00 | NOTE | |||
r-oldrel-windows-x86_64 | 1.0 | 4.00 | 46.00 | 50.00 | NOTE |
Version: 1.0
Check: DESCRIPTION meta-information
Result: NOTE
Malformed Description field: should contain one or more complete sentences.
Flavors: r-devel-linux-x86_64-debian-clang, r-devel-linux-x86_64-debian-gcc, r-devel-linux-x86_64-fedora-clang, r-devel-linux-x86_64-fedora-gcc, r-devel-windows-x86_64, r-patched-linux-x86_64, r-release-linux-x86_64, r-release-macos-arm64, r-release-macos-x86_64, r-release-windows-x86_64, r-oldrel-macos-arm64, r-oldrel-macos-x86_64, r-oldrel-windows-x86_64