Last updated on 2025-11-04 05:51:14 CET.
| Flavor | Version | Tinstall | Tcheck | Ttotal | Status | Flags | 
|---|---|---|---|---|---|---|
| r-devel-linux-x86_64-debian-clang | 0.1.0 | 11.95 | 35.05 | 47.00 | NOTE | |
| r-devel-linux-x86_64-debian-gcc | 0.1.0 | 7.10 | 26.61 | 33.71 | NOTE | |
| r-devel-linux-x86_64-fedora-clang | 0.1.0 | 44.00 | 35.51 | 79.51 | NOTE | |
| r-devel-linux-x86_64-fedora-gcc | 0.1.0 | 28.00 | 39.60 | 67.60 | NOTE | |
| r-devel-windows-x86_64 | 0.1.0 | 17.00 | 68.00 | 85.00 | NOTE | |
| r-patched-linux-x86_64 | 0.1.0 | 11.87 | 31.99 | 43.86 | NOTE | |
| r-release-linux-x86_64 | 0.1.0 | 10.35 | 32.38 | 42.73 | NOTE | |
| r-release-macos-arm64 | 0.1.0 | 6.00 | 19.00 | 25.00 | NOTE | |
| r-release-macos-x86_64 | 0.1.0 | 10.00 | 40.00 | 50.00 | NOTE | |
| r-release-windows-x86_64 | 0.1.0 | 16.00 | 68.00 | 84.00 | NOTE | |
| r-oldrel-macos-arm64 | 0.1.0 | 6.00 | 19.00 | 25.00 | NOTE | |
| r-oldrel-macos-x86_64 | 0.1.0 | 10.00 | 30.00 | 40.00 | NOTE | |
| r-oldrel-windows-x86_64 | 0.1.0 | 21.00 | 83.00 | 104.00 | NOTE | 
Version: 0.1.0
Check: CRAN incoming feasibility
Result: NOTE
  Maintainer: ‘Jan Wijffels <jwijffels@bnosac.be>’
  
  Package CITATION file contains call(s) to old-style personList() or
  as.personList().  Please use c() on person objects instead.
  Package CITATION file contains call(s) to old-style citEntry().  Please
  use bibentry() instead.
  
  Found the following URLs which should use \doi (with the DOI name only):
    File ‘image.LineSegmentDetector-package.Rd’:
      https://doi.org/10.5201/ipol.2012.gjmr-lsd
    File ‘image_line_segment_detector.Rd’:
      https://doi.org/10.5201/ipol.2012.gjmr-lsd
Flavors: r-devel-linux-x86_64-debian-clang, r-devel-linux-x86_64-debian-gcc
Version: 0.1.0
Check: Rd files
Result: NOTE
  checkRd: (-1) image_line_segment_detector.Rd:65: Lost braces in \itemize; \value handles \item{}{} directly
  checkRd: (-1) image_line_segment_detector.Rd:66-72: Lost braces in \itemize; \value handles \item{}{} directly
  checkRd: (-1) image_line_segment_detector.Rd:73-76: Lost braces in \itemize; \value handles \item{}{} directly
Flavors: r-devel-linux-x86_64-debian-clang, r-devel-linux-x86_64-debian-gcc, r-devel-linux-x86_64-fedora-clang, r-devel-linux-x86_64-fedora-gcc, r-devel-windows-x86_64, r-patched-linux-x86_64, r-release-linux-x86_64, r-release-macos-arm64, r-release-macos-x86_64, r-release-windows-x86_64, r-oldrel-macos-arm64, r-oldrel-macos-x86_64, r-oldrel-windows-x86_64