Last updated on 2024-05-04 06:52:00 CEST.
Flavor | Version | Tinstall | Tcheck | Ttotal | Status | Flags |
---|---|---|---|---|---|---|
r-devel-linux-x86_64-debian-clang | 0.1-62 | 13.38 | 120.34 | 133.72 | NOTE | |
r-devel-linux-x86_64-debian-gcc | 0.1-62 | 10.45 | 86.85 | 97.30 | NOTE | |
r-devel-linux-x86_64-fedora-clang | 0.1-62 | 163.64 | NOTE | |||
r-devel-linux-x86_64-fedora-gcc | 0.1-62 | 171.23 | NOTE | |||
r-devel-windows-x86_64 | 0.1-62 | 14.00 | 113.00 | 127.00 | NOTE | |
r-patched-linux-x86_64 | 0.1-62 | 17.68 | 113.03 | 130.71 | NOTE | |
r-release-linux-x86_64 | 0.1-62 | 9.78 | 109.92 | 119.70 | NOTE | |
r-release-macos-arm64 | 0.1-62 | 53.00 | NOTE | |||
r-release-windows-x86_64 | 0.1-62 | 13.00 | 113.00 | 126.00 | NOTE | |
r-oldrel-macos-arm64 | 0.1-62 | 55.00 | OK | |||
r-oldrel-macos-x86_64 | 0.1-62 | 89.00 | OK | |||
r-oldrel-windows-x86_64 | 0.1-62 | 17.00 | 133.00 | 150.00 | OK |
Version: 0.1-62
Check: Rd files
Result: NOTE
checkRd: (-1) fitSpline.Rd:109: Lost braces
109 | \code{response} and it will have the same order of code{x} as \code{data}.
| ^
Flavors: r-devel-linux-x86_64-debian-clang, r-devel-linux-x86_64-debian-gcc, r-devel-linux-x86_64-fedora-clang, r-devel-linux-x86_64-fedora-gcc, r-devel-windows-x86_64, r-patched-linux-x86_64, r-release-linux-x86_64, r-release-macos-arm64, r-release-windows-x86_64