Last updated on 2025-07-26 18:50:56 CEST.
Flavor | Version | Tinstall | Tcheck | Ttotal | Status | Flags |
---|---|---|---|---|---|---|
r-devel-linux-x86_64-debian-clang | 0.4.2 | 18.72 | 56.24 | 74.96 | OK | |
r-devel-linux-x86_64-debian-gcc | 0.4.2 | 11.78 | 42.89 | 54.67 | OK | |
r-devel-linux-x86_64-fedora-clang | 0.4.2 | 120.04 | OK | |||
r-devel-linux-x86_64-fedora-gcc | 0.4.2 | 125.85 | OK | |||
r-devel-windows-x86_64 | 0.4.2 | 25.00 | 102.00 | 127.00 | OK | |
r-patched-linux-x86_64 | 0.4.2 | 16.24 | 52.00 | 68.24 | OK | |
r-release-linux-x86_64 | 0.4.2 | 15.53 | 51.39 | 66.92 | OK | |
r-release-macos-arm64 | 0.4.2 | 41.00 | OK | |||
r-release-macos-x86_64 | 0.4.2 | 84.00 | OK | |||
r-release-windows-x86_64 | 0.4.2 | 21.00 | 88.00 | 109.00 | OK | |
r-oldrel-macos-arm64 | 0.4.2 | 42.00 | NOTE | |||
r-oldrel-macos-x86_64 | 0.4.2 | 59.00 | NOTE | |||
r-oldrel-windows-x86_64 | 0.4.2 | 26.00 | 106.00 | 132.00 | NOTE |
Version: 0.4.2
Check: package dependencies
Result: NOTE
Package suggested but not available for checking: ‘accdata’
Flavors: r-oldrel-macos-arm64, r-oldrel-macos-x86_64, r-oldrel-windows-x86_64