Last updated on 2025-11-23 05:50:20 CET.
| Flavor | Version | Tinstall | Tcheck | Ttotal | Status | Flags |
|---|---|---|---|---|---|---|
| r-devel-linux-x86_64-debian-clang | 0.1.2 | 4.47 | 100.97 | 105.44 | NOTE | |
| r-devel-linux-x86_64-debian-gcc | 0.1.2 | 3.11 | 64.08 | 67.19 | NOTE | |
| r-devel-linux-x86_64-fedora-clang | 0.1.2 | 17.00 | 157.34 | 174.34 | OK | |
| r-devel-linux-x86_64-fedora-gcc | 0.1.2 | 12.00 | 158.43 | 170.43 | OK | |
| r-devel-windows-x86_64 | 0.1.2 | 9.00 | 105.00 | 114.00 | OK | |
| r-patched-linux-x86_64 | 0.1.2 | 5.50 | 95.26 | 100.76 | OK | |
| r-release-linux-x86_64 | 0.1.2 | 4.09 | 95.35 | 99.44 | OK | |
| r-release-macos-arm64 | 0.1.2 | OK | ||||
| r-release-macos-x86_64 | 0.1.2 | 5.00 | 107.00 | 112.00 | OK | |
| r-release-windows-x86_64 | 0.1.2 | 8.00 | 104.00 | 112.00 | OK | |
| r-oldrel-macos-arm64 | 0.1.2 | OK | ||||
| r-oldrel-macos-x86_64 | 0.1.2 | 3.00 | 75.00 | 78.00 | OK | |
| r-oldrel-windows-x86_64 | 0.1.2 | 9.00 | 132.00 | 141.00 | OK |
Version: 0.1.2
Check: CRAN incoming feasibility
Result: NOTE
Maintainer: ‘Daniel P. Palomar <daniel.p.palomar@gmail.com>’
Package CITATION file contains call(s) to old-style personList() or
as.personList(). Please use c() on person objects instead.
Package CITATION file contains call(s) to old-style citEntry(). Please
use bibentry() instead.
Flavors: r-devel-linux-x86_64-debian-clang, r-devel-linux-x86_64-debian-gcc