Last updated on 2024-03-28 17:49:31 CET.
Flavor | Version | Tinstall | Tcheck | Ttotal | Status | Flags |
---|---|---|---|---|---|---|
r-devel-linux-x86_64-debian-clang | 1.0.2 | 2.52 | 50.68 | 53.20 | NOTE | |
r-devel-linux-x86_64-debian-gcc | 1.0.2 | 2.73 | 38.21 | 40.94 | NOTE | |
r-devel-linux-x86_64-fedora-clang | 1.0.2 | 67.64 | NOTE | |||
r-devel-linux-x86_64-fedora-gcc | 1.0.2 | 412.38 | NOTE | |||
r-devel-windows-x86_64 | 1.0.2 | 4.00 | 59.00 | 63.00 | NOTE | |
r-patched-linux-x86_64 | 1.0.2 | 10.64 | 48.98 | 59.62 | NOTE | |
r-release-linux-x86_64 | 1.0.2 | 2.16 | 47.90 | 50.06 | OK | |
r-release-macos-arm64 | 1.0.2 | 101.00 | OK | |||
r-release-macos-x86_64 | 1.0.2 | 189.00 | OK | |||
r-release-windows-x86_64 | 1.0.2 | 5.00 | 64.00 | 69.00 | OK | |
r-oldrel-macos-arm64 | 1.0.2 | 85.00 | OK | |||
r-oldrel-windows-x86_64 | 1.0.2 | 6.00 | 68.00 | 74.00 | OK |
Version: 1.0.2
Check: Rd files
Result: NOTE
checkRd: (-1) vaccinesim.Rd:10: Lost braces in \itemize; meant \describe ?
checkRd: (-1) vaccinesim.Rd:11: Lost braces in \itemize; meant \describe ?
checkRd: (-1) vaccinesim.Rd:12: Lost braces in \itemize; meant \describe ?
checkRd: (-1) vaccinesim.Rd:13: Lost braces in \itemize; meant \describe ?
checkRd: (-1) vaccinesim.Rd:14: Lost braces in \itemize; meant \describe ?
checkRd: (-1) vaccinesim.Rd:15: Lost braces in \itemize; meant \describe ?
checkRd: (-1) voters.Rd:10: Lost braces in \itemize; meant \describe ?
checkRd: (-1) voters.Rd:11: Lost braces in \itemize; meant \describe ?
checkRd: (-1) voters.Rd:12: Lost braces in \itemize; meant \describe ?
checkRd: (-1) voters.Rd:13: Lost braces in \itemize; meant \describe ?
checkRd: (-1) voters.Rd:14: Lost braces in \itemize; meant \describe ?
checkRd: (-1) voters.Rd:15: Lost braces in \itemize; meant \describe ?
checkRd: (-1) voters.Rd:16: Lost braces in \itemize; meant \describe ?
checkRd: (-1) voters.Rd:17: Lost braces in \itemize; meant \describe ?
checkRd: (-1) voters.Rd:18: Lost braces in \itemize; meant \describe ?
Flavors: r-devel-linux-x86_64-debian-clang, r-devel-linux-x86_64-debian-gcc, r-devel-linux-x86_64-fedora-clang, r-devel-linux-x86_64-fedora-gcc, r-devel-windows-x86_64, r-patched-linux-x86_64