Last updated on 2024-04-19 19:50:16 CEST.
Flavor | Version | Tinstall | Tcheck | Ttotal | Status | Flags |
---|---|---|---|---|---|---|
r-devel-linux-x86_64-debian-clang | 0.9-9 | 9.05 | 81.82 | 90.87 | NOTE | |
r-devel-linux-x86_64-debian-gcc | 0.9-9 | NOTE | ||||
r-devel-linux-x86_64-fedora-clang | 0.9-9 | 111.69 | NOTE | |||
r-devel-linux-x86_64-fedora-gcc | 0.9-9 | 108.69 | NOTE | |||
r-prerel-macos-arm64 | 0.9-9 | 37.00 | NOTE | |||
r-prerel-windows-x86_64 | 0.9-9 | 9.00 | 73.00 | 82.00 | NOTE | |
r-patched-linux-x86_64 | 0.9-9 | 6.23 | 75.67 | 81.90 | NOTE | |
r-release-linux-x86_64 | 0.9-9 | 6.63 | 80.38 | 87.01 | NOTE | |
r-release-macos-arm64 | 0.9-9 | 37.00 | NOTE | |||
r-release-macos-x86_64 | 0.9-9 | 59.00 | NOTE | |||
r-release-windows-x86_64 | 0.9-9 | 11.00 | 91.00 | 102.00 | NOTE | |
r-oldrel-macos-arm64 | 0.9-9 | 36.00 | OK | |||
r-oldrel-windows-x86_64 | 0.9-9 | 11.00 | 95.00 | 106.00 | OK |
Version: 0.9-9
Check: Rd files
Result: NOTE
checkRd: (-1) school23.Rd:30: Escaped LaTeX specials: \&
checkRd: (-1) school23.Rd:35: Escaped LaTeX specials: \&
Flavors: r-devel-linux-x86_64-debian-clang, r-devel-linux-x86_64-debian-gcc, r-devel-linux-x86_64-fedora-clang, r-devel-linux-x86_64-fedora-gcc, r-prerel-macos-arm64, r-prerel-windows-x86_64, r-patched-linux-x86_64, r-release-linux-x86_64, r-release-macos-arm64, r-release-macos-x86_64, r-release-windows-x86_64