Last updated on 2025-11-23 05:50:20 CET.
| Flavor | Version | Tinstall | Tcheck | Ttotal | Status | Flags |
|---|---|---|---|---|---|---|
| r-devel-linux-x86_64-debian-clang | 1.0.2 | 5.26 | 138.98 | 144.24 | OK | |
| r-devel-linux-x86_64-debian-gcc | 1.0.2 | 3.41 | 96.17 | 99.58 | OK | |
| r-devel-linux-x86_64-fedora-clang | 1.0.2 | 14.00 | 204.18 | 218.18 | OK | |
| r-devel-linux-x86_64-fedora-gcc | 1.0.2 | 12.00 | 210.17 | 222.17 | OK | |
| r-devel-windows-x86_64 | 1.0.2 | 8.00 | 128.00 | 136.00 | OK | |
| r-patched-linux-x86_64 | 1.0.2 | 4.62 | 132.06 | 136.68 | OK | |
| r-release-linux-x86_64 | 1.0.2 | 5.02 | 131.22 | 136.24 | OK | |
| r-release-macos-arm64 | 1.0.2 | OK | ||||
| r-release-macos-x86_64 | 1.0.2 | 5.00 | 131.00 | 136.00 | OK | |
| r-release-windows-x86_64 | 1.0.2 | 7.00 | 126.00 | 133.00 | OK | |
| r-oldrel-macos-arm64 | 1.0.2 | NOTE | ||||
| r-oldrel-macos-x86_64 | 1.0.2 | 4.00 | 98.00 | 102.00 | NOTE | |
| r-oldrel-windows-x86_64 | 1.0.2 | 9.00 | 174.00 | 183.00 | NOTE |
Version: 1.0.2
Check: LazyData
Result: NOTE
'LazyData' is specified without a 'data' directory
Flavors: r-oldrel-macos-arm64, r-oldrel-macos-x86_64, r-oldrel-windows-x86_64