Last updated on 2024-03-28 17:49:31 CET.
Flavor | Version | Tinstall | Tcheck | Ttotal | Status | Flags |
---|---|---|---|---|---|---|
r-devel-linux-x86_64-debian-clang | 0.0.11 | 12.41 | 118.79 | 131.20 | NOTE | |
r-devel-linux-x86_64-debian-gcc | 0.0.11 | 12.33 | 89.68 | 102.01 | NOTE | |
r-devel-linux-x86_64-fedora-clang | 0.0.11 | 164.20 | NOTE | |||
r-devel-linux-x86_64-fedora-gcc | 0.0.11 | 163.74 | NOTE | |||
r-devel-windows-x86_64 | 0.0.11 | 13.00 | 111.00 | 124.00 | NOTE | |
r-patched-linux-x86_64 | 0.0.11 | 17.18 | 113.33 | 130.51 | NOTE | |
r-release-linux-x86_64 | 0.0.11 | 16.05 | 118.20 | 134.25 | OK | |
r-release-macos-arm64 | 0.0.11 | 51.00 | OK | |||
r-release-macos-x86_64 | 0.0.11 | 81.00 | OK | |||
r-release-windows-x86_64 | 0.0.11 | 16.00 | 139.00 | 155.00 | OK | |
r-oldrel-macos-arm64 | 0.0.11 | 41.00 | NOTE | |||
r-oldrel-windows-x86_64 | 0.0.11 | 17.00 | 131.00 | 148.00 | OK |
Version: 0.0.11
Check: Rd files
Result: NOTE
checkRd: (-1) gblocks.Rd:30: Lost braces; missing escapes or markup?
30 | the number of selected positions, i.e. are {more conservative}. Defaults to
| ^
Flavors: r-devel-linux-x86_64-debian-clang, r-devel-linux-x86_64-debian-gcc, r-devel-linux-x86_64-fedora-clang, r-devel-linux-x86_64-fedora-gcc, r-devel-windows-x86_64, r-patched-linux-x86_64
Version: 0.0.11
Check: Rd contents
Result: NOTE
Argument items with no description in Rd file 'mrbayes.Rd':
‘unlink’ ‘constraint’
Argument items with no description in Rd file 'mrbayes.lset.Rd':
‘partition’
Argument items with no description in Rd file 'multistate.Rd':
‘model’
Flavors: r-devel-linux-x86_64-debian-clang, r-devel-linux-x86_64-debian-gcc, r-devel-linux-x86_64-fedora-clang, r-devel-linux-x86_64-fedora-gcc, r-devel-windows-x86_64, r-patched-linux-x86_64
Version: 0.0.11
Check: dependencies in R code
Result: NOTE
Namespace in Imports field not imported from: ‘seqinr’
All declared Imports should be used.
Flavors: r-devel-linux-x86_64-fedora-clang, r-devel-linux-x86_64-fedora-gcc, r-oldrel-macos-arm64