Last updated on 2024-04-23 06:57:00 CEST.
Flavor | Version | Tinstall | Tcheck | Ttotal | Status | Flags |
---|---|---|---|---|---|---|
r-devel-linux-x86_64-debian-clang | 3.5 | 9.90 | 118.02 | 127.92 | OK | |
r-devel-linux-x86_64-debian-gcc | 3.5 | 8.50 | 84.31 | 92.81 | OK | |
r-devel-linux-x86_64-fedora-clang | 3.5 | 157.03 | OK | |||
r-devel-linux-x86_64-fedora-gcc | 3.5 | 162.56 | OK | |||
r-prerel-macos-arm64 | 3.5 | 50.00 | NOTE | |||
r-prerel-windows-x86_64 | 3.5 | 12.00 | 130.00 | 142.00 | OK | |
r-patched-linux-x86_64 | 3.5 | 10.89 | 108.55 | 119.44 | OK | |
r-release-linux-x86_64 | 3.5 | 11.19 | 107.17 | 118.36 | OK | |
r-release-macos-arm64 | 3.5 | 55.00 | NOTE | |||
r-release-macos-x86_64 | 3.5 | 134.00 | NOTE | |||
r-release-windows-x86_64 | 3.5 | 13.00 | 145.00 | 158.00 | OK | |
r-oldrel-macos-arm64 | 3.5 | 49.00 | NOTE | |||
r-oldrel-windows-x86_64 | 3.5 | 16.00 | 149.00 | 165.00 | OK |
Version: 3.5
Check: package dependencies
Result: NOTE
Package suggested but not available for checking: ‘Rmpi’
Flavors: r-prerel-macos-arm64, r-release-macos-arm64, r-release-macos-x86_64, r-oldrel-macos-arm64