Last updated on 2024-03-28 17:49:31 CET.
Flavor | Version | Tinstall | Tcheck | Ttotal | Status | Flags |
---|---|---|---|---|---|---|
r-devel-linux-x86_64-debian-clang | 1.0 | 1.37 | 23.37 | 24.74 | NOTE | |
r-devel-linux-x86_64-debian-gcc | 1.0 | 1.66 | 18.28 | 19.94 | NOTE | |
r-devel-linux-x86_64-fedora-clang | 1.0 | 32.31 | NOTE | |||
r-devel-linux-x86_64-fedora-gcc | 1.0 | 31.91 | NOTE | |||
r-devel-windows-x86_64 | 1.0 | 2.00 | 39.00 | 41.00 | NOTE | |
r-patched-linux-x86_64 | 1.0 | 2.13 | 22.24 | 24.37 | NOTE | |
r-release-linux-x86_64 | 1.0 | 2.16 | 22.82 | 24.98 | NOTE | |
r-release-macos-arm64 | 1.0 | 15.00 | NOTE | |||
r-release-macos-x86_64 | 1.0 | 19.00 | NOTE | |||
r-release-windows-x86_64 | 1.0 | 3.00 | 41.00 | 44.00 | NOTE | |
r-oldrel-macos-arm64 | 1.0 | 17.00 | NOTE | |||
r-oldrel-windows-x86_64 | 1.0 | 3.00 | 43.00 | 46.00 | NOTE |
Version: 1.0
Check: LazyData
Result: NOTE
'LazyData' is specified without a 'data' directory
Flavors: r-devel-linux-x86_64-debian-clang, r-devel-linux-x86_64-debian-gcc, r-devel-linux-x86_64-fedora-clang, r-devel-linux-x86_64-fedora-gcc, r-devel-windows-x86_64, r-patched-linux-x86_64, r-release-linux-x86_64, r-release-macos-arm64, r-release-macos-x86_64, r-release-windows-x86_64, r-oldrel-macos-arm64, r-oldrel-windows-x86_64