CRAN Package Check Results for Package islasso

Last updated on 2025-07-26 18:50:57 CEST.

Flavor Version Tinstall Tcheck Ttotal Status Flags
r-devel-linux-x86_64-debian-clang 1.5.2 17.42 77.21 94.63 NOTE
r-devel-linux-x86_64-debian-gcc 1.5.2 11.37 56.04 67.41 NOTE
r-devel-linux-x86_64-fedora-clang 1.5.2 136.41 OK
r-devel-linux-x86_64-fedora-gcc 1.5.2 138.00 OK
r-devel-windows-x86_64 1.5.2 22.00 104.00 126.00 NOTE
r-patched-linux-x86_64 1.5.2 15.04 74.53 89.57 NOTE
r-release-linux-x86_64 1.5.2 14.57 73.89 88.46 NOTE
r-release-macos-arm64 1.5.2 60.00 OK
r-release-macos-x86_64 1.5.2 88.00 OK
r-release-windows-x86_64 1.5.2 21.00 93.00 114.00 NOTE
r-oldrel-macos-arm64 1.5.2 42.00 OK
r-oldrel-macos-x86_64 1.5.2 64.00 OK
r-oldrel-windows-x86_64 1.5.2 27.00 118.00 145.00 OK

Check Details

Version: 1.5.2
Check: Rd cross-references
Result: NOTE Found the following Rd file(s) with Rd \link{} targets missing package anchors: islasso.Rd: cv.glmnet Please provide package anchors for all Rd \link{} targets not in the package itself and the base packages. Flavors: r-devel-linux-x86_64-debian-clang, r-devel-linux-x86_64-debian-gcc, r-devel-windows-x86_64, r-patched-linux-x86_64, r-release-linux-x86_64, r-release-windows-x86_64