Last updated on 2025-11-23 05:50:20 CET.
| Flavor | Version | Tinstall | Tcheck | Ttotal | Status | Flags |
|---|---|---|---|---|---|---|
| r-devel-linux-x86_64-debian-clang | 1.6.2 | 16.70 | 135.81 | 152.51 | OK | |
| r-devel-linux-x86_64-debian-gcc | 1.6.2 | 11.17 | 98.18 | 109.35 | OK | |
| r-devel-linux-x86_64-fedora-clang | 1.6.2 | 37.00 | 194.28 | 231.28 | OK | |
| r-devel-linux-x86_64-fedora-gcc | 1.6.2 | 64.00 | 192.02 | 256.02 | OK | |
| r-devel-windows-x86_64 | 1.6.0 | 29.00 | 124.00 | 153.00 | OK | |
| r-patched-linux-x86_64 | 1.6.2 | 15.04 | 130.04 | 145.08 | OK | |
| r-release-linux-x86_64 | 1.6.2 | 15.81 | 128.60 | 144.41 | OK | |
| r-release-macos-arm64 | 1.6.0 | 10.00 | 30.00 | 40.00 | OK | |
| r-release-macos-x86_64 | 1.6.2 | 33.00 | 174.00 | 207.00 | OK | |
| r-release-windows-x86_64 | 1.6.2 | 21.00 | 138.00 | 159.00 | OK | |
| r-oldrel-macos-arm64 | 1.6.2 | 1.00 | 9.00 | 10.00 | ERROR | |
| r-oldrel-macos-x86_64 | 1.6.2 | 18.00 | 168.00 | 186.00 | OK | |
| r-oldrel-windows-x86_64 | 1.6.2 | 25.00 | 178.00 | 203.00 | OK |
Version: 1.6.2
Check: whether package can be installed
Result: ERROR
Installation failed.
Flavor: r-oldrel-macos-arm64