Last updated on 2025-05-18 06:49:17 CEST.
Flavor | Version | Tinstall | Tcheck | Ttotal | Status | Flags |
---|---|---|---|---|---|---|
r-devel-linux-x86_64-debian-clang | 1.0.1 | 2.62 | 27.37 | 29.99 | NOTE | |
r-devel-linux-x86_64-debian-gcc | 1.0.1 | 2.30 | 20.28 | 22.58 | NOTE | |
r-devel-linux-x86_64-fedora-clang | 1.0.1 | 48.15 | OK | |||
r-devel-linux-x86_64-fedora-gcc | 1.0.1 | 48.69 | OK | |||
r-devel-windows-x86_64 | 1.0.1 | 4.00 | 48.00 | 52.00 | OK | |
r-patched-linux-x86_64 | 1.0.1 | 3.17 | 26.00 | 29.17 | OK | |
r-release-linux-x86_64 | 1.0.1 | 2.99 | 26.20 | 29.19 | OK | |
r-release-macos-arm64 | 1.0.1 | 18.00 | OK | |||
r-release-macos-x86_64 | 1.0.1 | 31.00 | OK | |||
r-release-windows-x86_64 | 1.0.1 | 4.00 | 68.00 | 72.00 | OK | |
r-oldrel-macos-arm64 | 1.0.1 | 18.00 | OK | |||
r-oldrel-macos-x86_64 | 1.0.1 | 25.00 | OK | |||
r-oldrel-windows-x86_64 | 1.0.1 | 4.00 | 53.00 | 57.00 | OK |
Version: 1.0.1
Check: CRAN incoming feasibility
Result: NOTE
Maintainer: ‘David Conde <dconde@eio.uva.es>’
Package CITATION file contains call(s) to old-style personList() or
as.personList(). Please use c() on person objects instead.
Package CITATION file contains call(s) to old-style citEntry(). Please
use bibentry() instead.
Flavors: r-devel-linux-x86_64-debian-clang, r-devel-linux-x86_64-debian-gcc