Last updated on 2025-07-27 06:49:30 CEST.
Flavor | Version | Tinstall | Tcheck | Ttotal | Status | Flags |
---|---|---|---|---|---|---|
r-devel-linux-x86_64-debian-clang | 1.1.1 | 3.29 | 28.15 | 31.44 | NOTE | |
r-devel-linux-x86_64-debian-gcc | 1.1.1 | 2.33 | 22.11 | 24.44 | NOTE | |
r-devel-linux-x86_64-fedora-clang | 1.1.1 | 48.05 | OK | |||
r-devel-linux-x86_64-fedora-gcc | 1.1.1 | 47.11 | OK | |||
r-devel-windows-x86_64 | 1.1.1 | 5.00 | 54.00 | 59.00 | OK | |
r-patched-linux-x86_64 | 1.1.1 | 2.52 | 26.89 | 29.41 | OK | |
r-release-linux-x86_64 | 1.1.1 | 2.82 | 26.62 | 29.44 | OK | |
r-release-macos-arm64 | 1.1.1 | 19.00 | OK | |||
r-release-macos-x86_64 | 1.1.1 | 47.00 | OK | |||
r-release-windows-x86_64 | 1.1.1 | 4.00 | 48.00 | 52.00 | OK | |
r-oldrel-macos-arm64 | 1.1.1 | 20.00 | OK | |||
r-oldrel-macos-x86_64 | 1.1.1 | 28.00 | OK | |||
r-oldrel-windows-x86_64 | 1.1.1 | 6.00 | 55.00 | 61.00 | OK |
Version: 1.1.1
Check: CRAN incoming feasibility
Result: NOTE
Maintainer: ‘Beilun Wang <bw4mw@virginia.edu>’
The Description field contains
<arXiv:1806.00548>.
Please refer to arXiv e-prints via their arXiv DOI <doi:10.48550/arXiv.YYMM.NNNNN>.
The BugReports field in DESCRIPTION has
https://github.com/QData/jeek
which should likely be
https://github.com/QData/jeek/issues
instead.
Flavors: r-devel-linux-x86_64-debian-clang, r-devel-linux-x86_64-debian-gcc