Last updated on 2024-07-03 18:57:39 CEST.
Flavor | Version | Tinstall | Tcheck | Ttotal | Status | Flags |
---|---|---|---|---|---|---|
r-devel-linux-x86_64-debian-clang | 0.2.4 | 43.35 | 55.32 | 98.67 | NOTE | |
r-devel-linux-x86_64-debian-gcc | 0.2.4 | 35.01 | 40.55 | 75.56 | NOTE | |
r-devel-linux-x86_64-fedora-clang | 0.2.4 | 143.93 | NOTE | |||
r-devel-linux-x86_64-fedora-gcc | 0.2.4 | 161.93 | NOTE | |||
r-devel-windows-x86_64 | 0.2.4 | 44.00 | 85.00 | 129.00 | NOTE | |
r-patched-linux-x86_64 | 0.2.4 | 41.88 | 52.41 | 94.29 | NOTE | |
r-release-linux-x86_64 | 0.2.4 | 40.47 | 50.55 | 91.02 | NOTE | |
r-release-macos-arm64 | 0.2.4 | 42.00 | NOTE | |||
r-release-macos-x86_64 | 0.2.4 | 80.00 | NOTE | |||
r-release-windows-x86_64 | 0.2.4 | 42.00 | 85.00 | 127.00 | NOTE | |
r-oldrel-macos-arm64 | 0.2.4 | 48.00 | NOTE | |||
r-oldrel-macos-x86_64 | 0.2.4 | 83.00 | NOTE | |||
r-oldrel-windows-x86_64 | 0.2.4 | 51.00 | 98.00 | 149.00 | NOTE |
Version: 0.2.4
Check: C++ specification
Result: NOTE
Specified C++11: please drop specification unless essential
Flavors: r-devel-linux-x86_64-debian-clang, r-devel-linux-x86_64-debian-gcc, r-devel-linux-x86_64-fedora-clang, r-devel-linux-x86_64-fedora-gcc, r-devel-windows-x86_64, r-patched-linux-x86_64, r-release-linux-x86_64, r-release-macos-arm64, r-release-macos-x86_64, r-release-windows-x86_64, r-oldrel-macos-arm64, r-oldrel-macos-x86_64, r-oldrel-windows-x86_64
Version: 0.2.4
Check: installed package size
Result: NOTE
installed size is 5.9Mb
sub-directories of 1Mb or more:
libs 4.6Mb
Flavors: r-release-macos-arm64, r-release-macos-x86_64, r-oldrel-macos-arm64, r-oldrel-macos-x86_64